{"id":3323,"date":"2022-06-10T08:34:18","date_gmt":"2022-06-10T08:34:18","guid":{"rendered":"https:\/\/lesafriquesenquestions.com\/?page_id=3323"},"modified":"2026-04-16T18:37:44","modified_gmt":"2026-04-16T16:37:44","slug":"episode-grid-with-filter","status":"publish","type":"page","link":"https:\/\/lesafriquesenquestions.com\/?page_id=3323","title":{"rendered":"Nos Episodes"},"content":{"rendered":"\t\t<div data-elementor-type=\"wp-page\" data-elementor-id=\"3323\" class=\"elementor elementor-3323\">\n\t\t\t\t\t\t<section class=\"elementor-section elementor-top-section elementor-element elementor-element-af957ed elementor-section-boxed elementor-section-height-default elementor-section-height-default\" data-id=\"af957ed\" data-element_type=\"section\" data-e-type=\"section\" data-settings=\"{&quot;background_background&quot;:&quot;classic&quot;}\">\n\t\t\t\t\t\t\t<div class=\"elementor-background-overlay\"><\/div>\n\t\t\t\t\t\t\t<div class=\"elementor-container elementor-column-gap-no\">\n\t\t\t\t\t<div class=\"elementor-column elementor-col-100 elementor-top-column elementor-element elementor-element-f2211bd\" data-id=\"f2211bd\" data-element_type=\"column\" data-e-type=\"column\">\n\t\t\t<div class=\"elementor-widget-wrap elementor-element-populated\">\n\t\t\t\t\t\t<div class=\"elementor-element elementor-element-7365af6 elementor-widget elementor-widget-podover_elementor_heading\" data-id=\"7365af6\" data-element_type=\"widget\" data-e-type=\"widget\" data-widget_type=\"podover_elementor_heading.default\">\n\t\t\t\t<div class=\"elementor-widget-container\">\n\t\t\t\t\t\r\n\t\t\t<div class=\"ova-title\">\r\n\r\n\t\t\t\t\r\n\t\t\t\t\t\t\t\t\t\t\t\t\t\t\t\t<h2 class=\"title\">Nos Questions<\/h2>\r\n\t\t\t\t\t\t\t\t\t\r\n\t\t\t\t\r\n\t\t\t<\/div> \r\n\t\t\t\r\n\t\t\t\t\t\t<\/div>\n\t\t\t\t<\/div>\n\t\t\t\t\t<\/div>\n\t\t<\/div>\n\t\t\t\t\t<\/div>\n\t\t<\/section>\n\t\t\t\t<section class=\"elementor-section elementor-top-section elementor-element elementor-element-1ed8536 elementor-section-boxed elementor-section-height-default elementor-section-height-default\" data-id=\"1ed8536\" data-element_type=\"section\" data-e-type=\"section\">\n\t\t\t\t\t\t<div class=\"elementor-container elementor-column-gap-default\">\n\t\t\t\t\t<div class=\"elementor-column elementor-col-100 elementor-top-column elementor-element elementor-element-d0aed52\" data-id=\"d0aed52\" data-element_type=\"column\" data-e-type=\"column\">\n\t\t\t<div class=\"elementor-widget-wrap elementor-element-populated\">\n\t\t\t\t\t\t<div class=\"elementor-element elementor-element-c0d48c6 elementor-widget elementor-widget-podover_elementor_heading\" data-id=\"c0d48c6\" data-element_type=\"widget\" data-e-type=\"widget\" data-widget_type=\"podover_elementor_heading.default\">\n\t\t\t\t<div class=\"elementor-widget-container\">\n\t\t\t\t\t\r\n\t\t\t<div class=\"ova-title\">\r\n\r\n\t\t\t\t\r\n\t\t\t\t\r\n\t\t\t\t\t\t\t\t\t<p class=\"description\">Les Afriques en Question(s), c&#039;est le choix du temps long face aux r\u00e9cits convenus. Parcourez nos \u00e9pisodes par th\u00e9matique et explorez le continent autrement \u2014 \u00e0 travers des entretiens exigeants avec des chercheurs, journalistes et diplomates de r\u00e9f\u00e9rence.<\/p>\r\n\t\t\t\t\r\n\t\t\t<\/div> \r\n\t\t\t\r\n\t\t\t\t\t\t<\/div>\n\t\t\t\t<\/div>\n\t\t\t\t<div class=\"elementor-element elementor-element-4353811 elementor-widget elementor-widget-ovau_elementor_audio_category_filter_2\" data-id=\"4353811\" data-element_type=\"widget\" data-e-type=\"widget\" data-widget_type=\"ovau_elementor_audio_category_filter_2.default\">\n\t\t\t\t<div class=\"elementor-widget-container\">\n\t\t\t\t\t\r\n<!-- Audio Category Filter -->\r\n<div class=\"ova-audio-category-filter ova-audio-category-filter-2\"\r\n    data-per-page=\"6\" \r\n    data-order_by=\"date\" \r\n    data-order=\"DESC\" \r\n    data-category-not-in=\"\" \r\n    data-show-thumbnail=\"yes\" \r\n    data-show-title=\"yes\" \r\n    data-show-host=\"yes\" \r\n    data-show-episode=\"yes\" \r\n    data-show-category=\"yes\" \r\n    data-show-pagination=\"yes\" \r\n    data-target=\"\" \r\n    data-detail-label=\"Episode page\" \r\n    data-layout=\"2\"\r\n    data-play-icon=\"fas fa-play\" \r\n    data-pause-icon=\"fas fa-pause\" \r\n    data-redo-icon=\"fas fa-redo-alt\" \r\n    data-loop=\"false\" \r\n    data-skip-back=\"15\" \r\n    data-jump-forward=\"15\" \r\n    data-start-volume=\"0.5\"\r\n>\r\n            <ul class=\"audio-categories\">\r\n                            <li class=\"audio-category audio-active\" data-slug=\"economie-politique\">\r\n                    Economie Politique                                            <i aria-hidden=\"true\" class=\"ovaicon ovaicon-minus\"><\/i>\r\n                                    <\/li>\r\n                                    <div class=\"audio-container-mobile\"><\/div>\r\n                                            <li class=\"audio-category\" data-slug=\"geopolitique\">\r\n                    G\u00e9opolitique                                            <i aria-hidden=\"true\" class=\"ovaicon ovaicon-plus\"><\/i>\r\n                                    <\/li>\r\n                                            <li class=\"audio-category\" data-slug=\"memoire-culture\">\r\n                    Memoire et culture                                            <i aria-hidden=\"true\" class=\"ovaicon ovaicon-plus\"><\/i>\r\n                                    <\/li>\r\n                                            <li class=\"audio-category\" data-slug=\"relations-internationales\">\r\n                    Relations Internationales                                            <i aria-hidden=\"true\" class=\"ovaicon ovaicon-plus\"><\/i>\r\n                                    <\/li>\r\n                                            <li class=\"audio-category\" data-slug=\"securite-sahel\">\r\n                    S\u00e9curit\u00e9 &amp; Sahel                                            <i aria-hidden=\"true\" class=\"ovaicon ovaicon-plus\"><\/i>\r\n                                    <\/li>\r\n                                            <li class=\"audio-category\" data-slug=\"voix-africaines\">\r\n                    Voix Africaines                                            <i aria-hidden=\"true\" class=\"ovaicon ovaicon-plus\"><\/i>\r\n                                    <\/li>\r\n                                    <\/ul>\r\n    \r\n    <!-- ajax reponse html -->\r\n    <div class=\"audio-container\">\r\n        \r\n    <\/div>\r\n\r\n    <div class=\"wrap_loader\">\r\n        <svg class=\"loader\" width=\"50\" height=\"50\">\r\n            <circle cx=\"25\" cy=\"25\" r=\"10\" \/>\r\n            <circle cx=\"25\" cy=\"25\" r=\"20\" \/>\r\n        <\/svg>\r\n    <\/div>\r\n<\/div>\r\n\t\t\t\t<\/div>\n\t\t\t\t<\/div>\n\t\t\t\t\t<\/div>\n\t\t<\/div>\n\t\t\t\t\t<\/div>\n\t\t<\/section>\n\t\t\t\t<\/div>\n\t\t","protected":false},"excerpt":{"rendered":"<p>Nos Questions Les Afriques en Question(s), c&#039;est le choix du temps long face aux r\u00e9cits convenus. Parcourez nos \u00e9pisodes par th\u00e9matique et explorez le continent autrement \u2014 \u00e0 travers des entretiens exigeants avec des chercheurs, journalistes et diplomates de r\u00e9f\u00e9rence. Economie Politique G\u00e9opolitique Memoire et culture Relations Internationales S\u00e9curit\u00e9 &amp; Sahel Voix Africaines<\/p>\n","protected":false},"author":1,"featured_media":0,"parent":0,"menu_order":0,"comment_status":"closed","ping_status":"closed","template":"elementor_header_footer","meta":{"give_campaign_id":0,"footnotes":""},"class_list":["post-3323","page","type-page","status-publish","hentry"],"yoast_head":"<!-- This site is optimized with the Yoast SEO plugin v27.2 - https:\/\/yoast.com\/product\/yoast-seo-wordpress\/ -->\n<title>Nos Episodes - Les Afriques en Questions<\/title>\n<meta name=\"robots\" content=\"index, follow, max-snippet:-1, max-image-preview:large, max-video-preview:-1\" \/>\n<link rel=\"canonical\" href=\"https:\/\/lesafriquesenquestions.com\/?page_id=3323\" \/>\n<meta property=\"og:locale\" content=\"fr_FR\" \/>\n<meta property=\"og:type\" content=\"article\" \/>\n<meta property=\"og:title\" content=\"Nos Episodes - Les Afriques en Questions\" \/>\n<meta property=\"og:description\" content=\"Nos Questions Les Afriques en Question(s), c&#039;est le choix du temps long face aux r\u00e9cits convenus. Parcourez nos \u00e9pisodes par th\u00e9matique et explorez le continent autrement \u2014 \u00e0 travers des entretiens exigeants avec des chercheurs, journalistes et diplomates de r\u00e9f\u00e9rence. Economie Politique G\u00e9opolitique Memoire et culture Relations Internationales S\u00e9curit\u00e9 &amp; Sahel Voix Africaines\" \/>\n<meta property=\"og:url\" content=\"https:\/\/lesafriquesenquestions.com\/?page_id=3323\" \/>\n<meta property=\"og:site_name\" content=\"Les Afriques en Questions\" \/>\n<meta property=\"article:modified_time\" content=\"2026-04-16T16:37:44+00:00\" \/>\n<meta name=\"twitter:card\" content=\"summary_large_image\" \/>\n<meta name=\"twitter:label1\" content=\"Dur\u00e9e de lecture estim\u00e9e\" \/>\n\t<meta name=\"twitter:data1\" content=\"3 minutes\" \/>\n<script type=\"application\/ld+json\" class=\"yoast-schema-graph\">{\"@context\":\"https:\/\/schema.org\",\"@graph\":[{\"@type\":\"WebPage\",\"@id\":\"https:\/\/lesafriquesenquestions.com\/?page_id=3323\",\"url\":\"https:\/\/lesafriquesenquestions.com\/?page_id=3323\",\"name\":\"Nos Episodes - Les Afriques en Questions\",\"isPartOf\":{\"@id\":\"https:\/\/lesafriquesenquestions.com\/#website\"},\"datePublished\":\"2022-06-10T08:34:18+00:00\",\"dateModified\":\"2026-04-16T16:37:44+00:00\",\"breadcrumb\":{\"@id\":\"https:\/\/lesafriquesenquestions.com\/?page_id=3323#breadcrumb\"},\"inLanguage\":\"fr-FR\",\"potentialAction\":[{\"@type\":\"ReadAction\",\"target\":[\"https:\/\/lesafriquesenquestions.com\/?page_id=3323\"]}]},{\"@type\":\"BreadcrumbList\",\"@id\":\"https:\/\/lesafriquesenquestions.com\/?page_id=3323#breadcrumb\",\"itemListElement\":[{\"@type\":\"ListItem\",\"position\":1,\"name\":\"Home\",\"item\":\"https:\/\/lesafriquesenquestions.com\/\"},{\"@type\":\"ListItem\",\"position\":2,\"name\":\"Nos Episodes\"}]},{\"@type\":\"WebSite\",\"@id\":\"https:\/\/lesafriquesenquestions.com\/#website\",\"url\":\"https:\/\/lesafriquesenquestions.com\/\",\"name\":\"Les Afriques en Questions\",\"description\":\"\",\"potentialAction\":[{\"@type\":\"SearchAction\",\"target\":{\"@type\":\"EntryPoint\",\"urlTemplate\":\"https:\/\/lesafriquesenquestions.com\/?s={search_term_string}\"},\"query-input\":{\"@type\":\"PropertyValueSpecification\",\"valueRequired\":true,\"valueName\":\"search_term_string\"}}],\"inLanguage\":\"fr-FR\"}]}<\/script>\n<!-- \/ Yoast SEO plugin. -->","yoast_head_json":{"title":"Nos Episodes - Les Afriques en Questions","robots":{"index":"index","follow":"follow","max-snippet":"max-snippet:-1","max-image-preview":"max-image-preview:large","max-video-preview":"max-video-preview:-1"},"canonical":"https:\/\/lesafriquesenquestions.com\/?page_id=3323","og_locale":"fr_FR","og_type":"article","og_title":"Nos Episodes - Les Afriques en Questions","og_description":"Nos Questions Les Afriques en Question(s), c&#039;est le choix du temps long face aux r\u00e9cits convenus. Parcourez nos \u00e9pisodes par th\u00e9matique et explorez le continent autrement \u2014 \u00e0 travers des entretiens exigeants avec des chercheurs, journalistes et diplomates de r\u00e9f\u00e9rence. Economie Politique G\u00e9opolitique Memoire et culture Relations Internationales S\u00e9curit\u00e9 &amp; Sahel Voix Africaines","og_url":"https:\/\/lesafriquesenquestions.com\/?page_id=3323","og_site_name":"Les Afriques en Questions","article_modified_time":"2026-04-16T16:37:44+00:00","twitter_card":"summary_large_image","twitter_misc":{"Dur\u00e9e de lecture estim\u00e9e":"3 minutes"},"schema":{"@context":"https:\/\/schema.org","@graph":[{"@type":"WebPage","@id":"https:\/\/lesafriquesenquestions.com\/?page_id=3323","url":"https:\/\/lesafriquesenquestions.com\/?page_id=3323","name":"Nos Episodes - Les Afriques en Questions","isPartOf":{"@id":"https:\/\/lesafriquesenquestions.com\/#website"},"datePublished":"2022-06-10T08:34:18+00:00","dateModified":"2026-04-16T16:37:44+00:00","breadcrumb":{"@id":"https:\/\/lesafriquesenquestions.com\/?page_id=3323#breadcrumb"},"inLanguage":"fr-FR","potentialAction":[{"@type":"ReadAction","target":["https:\/\/lesafriquesenquestions.com\/?page_id=3323"]}]},{"@type":"BreadcrumbList","@id":"https:\/\/lesafriquesenquestions.com\/?page_id=3323#breadcrumb","itemListElement":[{"@type":"ListItem","position":1,"name":"Home","item":"https:\/\/lesafriquesenquestions.com\/"},{"@type":"ListItem","position":2,"name":"Nos Episodes"}]},{"@type":"WebSite","@id":"https:\/\/lesafriquesenquestions.com\/#website","url":"https:\/\/lesafriquesenquestions.com\/","name":"Les Afriques en Questions","description":"","potentialAction":[{"@type":"SearchAction","target":{"@type":"EntryPoint","urlTemplate":"https:\/\/lesafriquesenquestions.com\/?s={search_term_string}"},"query-input":{"@type":"PropertyValueSpecification","valueRequired":true,"valueName":"search_term_string"}}],"inLanguage":"fr-FR"}]}},"campaignId":"","_links":{"self":[{"href":"https:\/\/lesafriquesenquestions.com\/index.php?rest_route=\/wp\/v2\/pages\/3323","targetHints":{"allow":["GET"]}}],"collection":[{"href":"https:\/\/lesafriquesenquestions.com\/index.php?rest_route=\/wp\/v2\/pages"}],"about":[{"href":"https:\/\/lesafriquesenquestions.com\/index.php?rest_route=\/wp\/v2\/types\/page"}],"author":[{"embeddable":true,"href":"https:\/\/lesafriquesenquestions.com\/index.php?rest_route=\/wp\/v2\/users\/1"}],"replies":[{"embeddable":true,"href":"https:\/\/lesafriquesenquestions.com\/index.php?rest_route=%2Fwp%2Fv2%2Fcomments&post=3323"}],"version-history":[{"count":13,"href":"https:\/\/lesafriquesenquestions.com\/index.php?rest_route=\/wp\/v2\/pages\/3323\/revisions"}],"predecessor-version":[{"id":5588,"href":"https:\/\/lesafriquesenquestions.com\/index.php?rest_route=\/wp\/v2\/pages\/3323\/revisions\/5588"}],"wp:attachment":[{"href":"https:\/\/lesafriquesenquestions.com\/index.php?rest_route=%2Fwp%2Fv2%2Fmedia&parent=3323"}],"curies":[{"name":"wp","href":"https:\/\/api.w.org\/{rel}","templated":true}]}}

<div data-elementor-type="wp-page" data-elementor-id="3323" class="elementor elementor-3323">
						<section class="elementor-section elementor-top-section elementor-element elementor-element-af957ed elementor-section-boxed elementor-section-height-default elementor-section-height-default" data-id="af957ed" data-element_type="section" data-e-type="section" data-settings="{&quot;background_background&quot;:&quot;classic&quot;}">
							<div class="elementor-background-overlay"></div>
							<div class="elementor-container elementor-column-gap-no">
					<div class="elementor-column elementor-col-100 elementor-top-column elementor-element elementor-element-f2211bd" data-id="f2211bd" data-element_type="column" data-e-type="column">
			<div class="elementor-widget-wrap elementor-element-populated">
						<div class="elementor-element elementor-element-7365af6 elementor-widget elementor-widget-podover_elementor_heading" data-id="7365af6" data-element_type="widget" data-e-type="widget" data-widget_type="podover_elementor_heading.default">
				<div class="elementor-widget-container">
					
			<div class="ova-title">

				
																<h2 class="title">Nos Questions</h2>
									
				
			</div> 
			
						</div>
				</div>
					</div>
		</div>
					</div>
		</section>
				<section class="elementor-section elementor-top-section elementor-element elementor-element-1ed8536 elementor-section-boxed elementor-section-height-default elementor-section-height-default" data-id="1ed8536" data-element_type="section" data-e-type="section">
						<div class="elementor-container elementor-column-gap-default">
					<div class="elementor-column elementor-col-100 elementor-top-column elementor-element elementor-element-d0aed52" data-id="d0aed52" data-element_type="column" data-e-type="column">
			<div class="elementor-widget-wrap elementor-element-populated">
						<div class="elementor-element elementor-element-c0d48c6 elementor-widget elementor-widget-podover_elementor_heading" data-id="c0d48c6" data-element_type="widget" data-e-type="widget" data-widget_type="podover_elementor_heading.default">
				<div class="elementor-widget-container">
					
			<div class="ova-title">

				
				
									<p class="description">Les Afriques en Question(s), c&#039;est le choix du temps long face aux récits convenus. Parcourez nos épisodes par thématique et explorez le continent autrement — à travers des entretiens exigeants avec des chercheurs, journalistes et diplomates de référence.</p>
				
			</div> 
			
						</div>
				</div>
				<div class="elementor-element elementor-element-4353811 elementor-widget elementor-widget-ovau_elementor_audio_category_filter_2" data-id="4353811" data-element_type="widget" data-e-type="widget" data-widget_type="ovau_elementor_audio_category_filter_2.default">
				<div class="elementor-widget-container">
					
<!-- Audio Category Filter -->
<div class="ova-audio-category-filter ova-audio-category-filter-2"
    data-per-page="6" 
    data-order_by="date" 
    data-order="DESC" 
    data-category-not-in="" 
    data-show-thumbnail="yes" 
    data-show-title="yes" 
    data-show-host="yes" 
    data-show-episode="yes" 
    data-show-category="yes" 
    data-show-pagination="yes" 
    data-target="" 
    data-detail-label="Episode page" 
    data-layout="2"
    data-play-icon="fas fa-play" 
    data-pause-icon="fas fa-pause" 
    data-redo-icon="fas fa-redo-alt" 
    data-loop="false" 
    data-skip-back="15" 
    data-jump-forward="15" 
    data-start-volume="0.5"
>
            <ul class="audio-categories">
                            <li class="audio-category audio-active" data-slug="economie-politique">
                    Economie Politique                                            <i aria-hidden="true" class="ovaicon ovaicon-minus"></i>
                                    </li>
                                    <div class="audio-container-mobile"></div>
                                            <li class="audio-category" data-slug="geopolitique">
                    Géopolitique                                            <i aria-hidden="true" class="ovaicon ovaicon-plus"></i>
                                    </li>
                                            <li class="audio-category" data-slug="memoire-culture">
                    Memoire et culture                                            <i aria-hidden="true" class="ovaicon ovaicon-plus"></i>
                                    </li>
                                            <li class="audio-category" data-slug="relations-internationales">
                    Relations Internationales                                            <i aria-hidden="true" class="ovaicon ovaicon-plus"></i>
                                    </li>
                                            <li class="audio-category" data-slug="securite-sahel">
                    Sécurité &amp; Sahel                                            <i aria-hidden="true" class="ovaicon ovaicon-plus"></i>
                                    </li>
                                            <li class="audio-category" data-slug="voix-africaines">
                    Voix Africaines                                            <i aria-hidden="true" class="ovaicon ovaicon-plus"></i>
                                    </li>
                                    </ul>
    
    <!-- ajax reponse html -->
    <div class="audio-container">
        
    </div>

    <div class="wrap_loader">
        <svg class="loader" width="50" height="50">
            <circle cx="25" cy="25" r="10" />
            <circle cx="25" cy="25" r="20" />
        </svg>
    </div>
</div>
				</div>
				</div>
					</div>
		</div>
					</div>
		</section>
				</div>

<p>Nos Questions Les Afriques en Question(s), c&#039;est le choix du temps long face aux récits convenus. Parcourez nos épisodes par thématique et explorez le continent autrement — à travers des entretiens exigeants avec des chercheurs, journalistes et diplomates de référence. Economie Politique Géopolitique Memoire et culture Relations Internationales Sécurité &amp; Sahel Voix Africaines</p>

<!-- This site is optimized with the Yoast SEO plugin v27.2 - https://yoast.com/product/yoast-seo-wordpress/ -->
<title>Nos Episodes - Les Afriques en Questions</title>
<meta name="robots" content="index, follow, max-snippet:-1, max-image-preview:large, max-video-preview:-1" />
<link rel="canonical" href="https://lesafriquesenquestions.com/?page_id=3323" />
<meta property="og:locale" content="fr_FR" />
<meta property="og:type" content="article" />
<meta property="og:title" content="Nos Episodes - Les Afriques en Questions" />
<meta property="og:description" content="Nos Questions Les Afriques en Question(s), c&#039;est le choix du temps long face aux récits convenus. Parcourez nos épisodes par thématique et explorez le continent autrement — à travers des entretiens exigeants avec des chercheurs, journalistes et diplomates de référence. Economie Politique Géopolitique Memoire et culture Relations Internationales Sécurité &amp; Sahel Voix Africaines" />
<meta property="og:url" content="https://lesafriquesenquestions.com/?page_id=3323" />
<meta property="og:site_name" content="Les Afriques en Questions" />
<meta property="article:modified_time" content="2026-04-16T16:37:44+00:00" />
<meta name="twitter:card" content="summary_large_image" />
<meta name="twitter:label1" content="Durée de lecture estimée" />
	<meta name="twitter:data1" content="3 minutes" />
<script type="application/ld+json" class="yoast-schema-graph">{"@context":"https://schema.org","@graph":[{"@type":"WebPage","@id":"https://lesafriquesenquestions.com/?page_id=3323","url":"https://lesafriquesenquestions.com/?page_id=3323","name":"Nos Episodes - Les Afriques en Questions","isPartOf":{"@id":"https://lesafriquesenquestions.com/#website"},"datePublished":"2022-06-10T08:34:18+00:00","dateModified":"2026-04-16T16:37:44+00:00","breadcrumb":{"@id":"https://lesafriquesenquestions.com/?page_id=3323#breadcrumb"},"inLanguage":"fr-FR","potentialAction":[{"@type":"ReadAction","target":["https://lesafriquesenquestions.com/?page_id=3323"]}]},{"@type":"BreadcrumbList","@id":"https://lesafriquesenquestions.com/?page_id=3323#breadcrumb","itemListElement":[{"@type":"ListItem","position":1,"name":"Home","item":"https://lesafriquesenquestions.com/"},{"@type":"ListItem","position":2,"name":"Nos Episodes"}]},{"@type":"WebSite","@id":"https://lesafriquesenquestions.com/#website","url":"https://lesafriquesenquestions.com/","name":"Les Afriques en Questions","description":"","potentialAction":[{"@type":"SearchAction","target":{"@type":"EntryPoint","urlTemplate":"https://lesafriquesenquestions.com/?s={search_term_string}"},"query-input":{"@type":"PropertyValueSpecification","valueRequired":true,"valueName":"search_term_string"}}],"inLanguage":"fr-FR"}]}</script>
<!-- / Yoast SEO plugin. -->

Nos Questions Les Afriques en Question(s), c&#039;est le choix du temps long face aux récits convenus. Parcourez nos épisodes par thématique et explorez le continent autrement — à travers des entretiens exigeants avec des chercheurs, journalistes et diplomates de référence. Economie Politique Géopolitique Memoire et culture Relations Internationales Sécurité &amp; Sahel Voix Africaines
