{"id":5377,"date":"2021-01-01T08:00:00","date_gmt":"2021-01-01T07:00:00","guid":{"rendered":"https:\/\/lesafriquesenquestions.com\/?ova_audio=sentiment-anti-francais-la-russie-et-kemi-seba"},"modified":"2026-04-07T03:05:30","modified_gmt":"2026-04-07T01:05:30","slug":"sentiment-anti-francais-la-russie-et-kemi-seba","status":"publish","type":"ova_audio","link":"https:\/\/lesafriquesenquestions.com\/?ova_audio=sentiment-anti-francais-la-russie-et-kemi-seba","title":{"rendered":"Sentiment anti-fran\u00e7ais, la Russie et Kemi Seba"},"content":{"rendered":"<p>Yann Gwet, journaliste et essayiste camerounais, analyse le sentiment anti-fran\u00e7ais croissant en Afrique, le r\u00f4le de la Russie dans les reconfigurations g\u00e9opolitiques du continent, et la figure de Kemi Seba \u2014 r\u00e9v\u00e9lateurs des tensions id\u00e9ologiques et identitaires qui traversent l&rsquo;Afrique contemporaine.<\/p>\n","protected":false},"excerpt":{"rendered":"<p>Ni manipulation, ni hasard. Les ressorts profonds d&rsquo;un rejet qui redessine la carte des influences en Afrique.<\/p>\n","protected":false},"featured_media":5381,"comment_status":"open","ping_status":"closed","template":"","category_audio":[58],"season_audio":[57],"tag_audio":[],"class_list":["post-5377","ova_audio","type-ova_audio","status-publish","has-post-thumbnail","hentry","category_audio-geopolitique","season_audio-saison-1"],"yoast_head":"<!-- This site is optimized with the Yoast SEO plugin v27.2 - https:\/\/yoast.com\/product\/yoast-seo-wordpress\/ -->\n<title>Sentiment anti-fran\u00e7ais, la Russie et Kemi Seba - Les Afriques en Questions<\/title>\n<meta name=\"robots\" content=\"index, follow, max-snippet:-1, max-image-preview:large, max-video-preview:-1\" \/>\n<link rel=\"canonical\" href=\"https:\/\/lesafriquesenquestions.com\/?ova_audio=sentiment-anti-francais-la-russie-et-kemi-seba\" \/>\n<meta property=\"og:locale\" content=\"fr_FR\" \/>\n<meta property=\"og:type\" content=\"article\" \/>\n<meta property=\"og:title\" content=\"Sentiment anti-fran\u00e7ais, la Russie et Kemi Seba - Les Afriques en Questions\" \/>\n<meta property=\"og:description\" content=\"Ni manipulation, ni hasard. Les ressorts profonds d&#039;un rejet qui redessine la carte des influences en Afrique.\" \/>\n<meta property=\"og:url\" content=\"https:\/\/lesafriquesenquestions.com\/?ova_audio=sentiment-anti-francais-la-russie-et-kemi-seba\" \/>\n<meta property=\"og:site_name\" content=\"Les Afriques en Questions\" \/>\n<meta property=\"article:modified_time\" content=\"2026-04-07T01:05:30+00:00\" \/>\n<meta property=\"og:image\" content=\"https:\/\/lesafriquesenquestions.com\/wp-content\/uploads\/2025\/09\/LAEQ-Cover.jpg\" \/>\n\t<meta property=\"og:image:width\" content=\"640\" \/>\n\t<meta property=\"og:image:height\" content=\"640\" \/>\n\t<meta property=\"og:image:type\" content=\"image\/jpeg\" \/>\n<meta name=\"twitter:card\" content=\"summary_large_image\" \/>\n<meta name=\"twitter:label1\" content=\"Dur\u00e9e de lecture estim\u00e9e\" \/>\n\t<meta name=\"twitter:data1\" content=\"1 minute\" \/>\n<script type=\"application\/ld+json\" class=\"yoast-schema-graph\">{\"@context\":\"https:\/\/schema.org\",\"@graph\":[{\"@type\":\"WebPage\",\"@id\":\"https:\/\/lesafriquesenquestions.com\/?ova_audio=sentiment-anti-francais-la-russie-et-kemi-seba\",\"url\":\"https:\/\/lesafriquesenquestions.com\/?ova_audio=sentiment-anti-francais-la-russie-et-kemi-seba\",\"name\":\"Sentiment anti-fran\u00e7ais, la Russie et Kemi Seba - Les Afriques en Questions\",\"isPartOf\":{\"@id\":\"https:\/\/lesafriquesenquestions.com\/#website\"},\"primaryImageOfPage\":{\"@id\":\"https:\/\/lesafriquesenquestions.com\/?ova_audio=sentiment-anti-francais-la-russie-et-kemi-seba#primaryimage\"},\"image\":{\"@id\":\"https:\/\/lesafriquesenquestions.com\/?ova_audio=sentiment-anti-francais-la-russie-et-kemi-seba#primaryimage\"},\"thumbnailUrl\":\"https:\/\/lesafriquesenquestions.com\/wp-content\/uploads\/2025\/09\/LAEQ-Cover.jpg\",\"datePublished\":\"2021-01-01T07:00:00+00:00\",\"dateModified\":\"2026-04-07T01:05:30+00:00\",\"breadcrumb\":{\"@id\":\"https:\/\/lesafriquesenquestions.com\/?ova_audio=sentiment-anti-francais-la-russie-et-kemi-seba#breadcrumb\"},\"inLanguage\":\"fr-FR\",\"potentialAction\":[{\"@type\":\"ReadAction\",\"target\":[\"https:\/\/lesafriquesenquestions.com\/?ova_audio=sentiment-anti-francais-la-russie-et-kemi-seba\"]}]},{\"@type\":\"ImageObject\",\"inLanguage\":\"fr-FR\",\"@id\":\"https:\/\/lesafriquesenquestions.com\/?ova_audio=sentiment-anti-francais-la-russie-et-kemi-seba#primaryimage\",\"url\":\"https:\/\/lesafriquesenquestions.com\/wp-content\/uploads\/2025\/09\/LAEQ-Cover.jpg\",\"contentUrl\":\"https:\/\/lesafriquesenquestions.com\/wp-content\/uploads\/2025\/09\/LAEQ-Cover.jpg\",\"width\":640,\"height\":640},{\"@type\":\"BreadcrumbList\",\"@id\":\"https:\/\/lesafriquesenquestions.com\/?ova_audio=sentiment-anti-francais-la-russie-et-kemi-seba#breadcrumb\",\"itemListElement\":[{\"@type\":\"ListItem\",\"position\":1,\"name\":\"Home\",\"item\":\"https:\/\/lesafriquesenquestions.com\/\"},{\"@type\":\"ListItem\",\"position\":2,\"name\":\"Audios\",\"item\":\"https:\/\/lesafriquesenquestions.com\/?post_type=ova_audio\"},{\"@type\":\"ListItem\",\"position\":3,\"name\":\"Sentiment anti-fran\u00e7ais, la Russie et Kemi Seba\"}]},{\"@type\":\"WebSite\",\"@id\":\"https:\/\/lesafriquesenquestions.com\/#website\",\"url\":\"https:\/\/lesafriquesenquestions.com\/\",\"name\":\"Les Afriques en Questions\",\"description\":\"\",\"potentialAction\":[{\"@type\":\"SearchAction\",\"target\":{\"@type\":\"EntryPoint\",\"urlTemplate\":\"https:\/\/lesafriquesenquestions.com\/?s={search_term_string}\"},\"query-input\":{\"@type\":\"PropertyValueSpecification\",\"valueRequired\":true,\"valueName\":\"search_term_string\"}}],\"inLanguage\":\"fr-FR\"}]}<\/script>\n<!-- \/ Yoast SEO plugin. -->","yoast_head_json":{"title":"Sentiment anti-fran\u00e7ais, la Russie et Kemi Seba - Les Afriques en Questions","robots":{"index":"index","follow":"follow","max-snippet":"max-snippet:-1","max-image-preview":"max-image-preview:large","max-video-preview":"max-video-preview:-1"},"canonical":"https:\/\/lesafriquesenquestions.com\/?ova_audio=sentiment-anti-francais-la-russie-et-kemi-seba","og_locale":"fr_FR","og_type":"article","og_title":"Sentiment anti-fran\u00e7ais, la Russie et Kemi Seba - Les Afriques en Questions","og_description":"Ni manipulation, ni hasard. Les ressorts profonds d'un rejet qui redessine la carte des influences en Afrique.","og_url":"https:\/\/lesafriquesenquestions.com\/?ova_audio=sentiment-anti-francais-la-russie-et-kemi-seba","og_site_name":"Les Afriques en Questions","article_modified_time":"2026-04-07T01:05:30+00:00","og_image":[{"width":640,"height":640,"url":"https:\/\/lesafriquesenquestions.com\/wp-content\/uploads\/2025\/09\/LAEQ-Cover.jpg","type":"image\/jpeg"}],"twitter_card":"summary_large_image","twitter_misc":{"Dur\u00e9e de lecture estim\u00e9e":"1 minute"},"schema":{"@context":"https:\/\/schema.org","@graph":[{"@type":"WebPage","@id":"https:\/\/lesafriquesenquestions.com\/?ova_audio=sentiment-anti-francais-la-russie-et-kemi-seba","url":"https:\/\/lesafriquesenquestions.com\/?ova_audio=sentiment-anti-francais-la-russie-et-kemi-seba","name":"Sentiment anti-fran\u00e7ais, la Russie et Kemi Seba - Les Afriques en Questions","isPartOf":{"@id":"https:\/\/lesafriquesenquestions.com\/#website"},"primaryImageOfPage":{"@id":"https:\/\/lesafriquesenquestions.com\/?ova_audio=sentiment-anti-francais-la-russie-et-kemi-seba#primaryimage"},"image":{"@id":"https:\/\/lesafriquesenquestions.com\/?ova_audio=sentiment-anti-francais-la-russie-et-kemi-seba#primaryimage"},"thumbnailUrl":"https:\/\/lesafriquesenquestions.com\/wp-content\/uploads\/2025\/09\/LAEQ-Cover.jpg","datePublished":"2021-01-01T07:00:00+00:00","dateModified":"2026-04-07T01:05:30+00:00","breadcrumb":{"@id":"https:\/\/lesafriquesenquestions.com\/?ova_audio=sentiment-anti-francais-la-russie-et-kemi-seba#breadcrumb"},"inLanguage":"fr-FR","potentialAction":[{"@type":"ReadAction","target":["https:\/\/lesafriquesenquestions.com\/?ova_audio=sentiment-anti-francais-la-russie-et-kemi-seba"]}]},{"@type":"ImageObject","inLanguage":"fr-FR","@id":"https:\/\/lesafriquesenquestions.com\/?ova_audio=sentiment-anti-francais-la-russie-et-kemi-seba#primaryimage","url":"https:\/\/lesafriquesenquestions.com\/wp-content\/uploads\/2025\/09\/LAEQ-Cover.jpg","contentUrl":"https:\/\/lesafriquesenquestions.com\/wp-content\/uploads\/2025\/09\/LAEQ-Cover.jpg","width":640,"height":640},{"@type":"BreadcrumbList","@id":"https:\/\/lesafriquesenquestions.com\/?ova_audio=sentiment-anti-francais-la-russie-et-kemi-seba#breadcrumb","itemListElement":[{"@type":"ListItem","position":1,"name":"Home","item":"https:\/\/lesafriquesenquestions.com\/"},{"@type":"ListItem","position":2,"name":"Audios","item":"https:\/\/lesafriquesenquestions.com\/?post_type=ova_audio"},{"@type":"ListItem","position":3,"name":"Sentiment anti-fran\u00e7ais, la Russie et Kemi Seba"}]},{"@type":"WebSite","@id":"https:\/\/lesafriquesenquestions.com\/#website","url":"https:\/\/lesafriquesenquestions.com\/","name":"Les Afriques en Questions","description":"","potentialAction":[{"@type":"SearchAction","target":{"@type":"EntryPoint","urlTemplate":"https:\/\/lesafriquesenquestions.com\/?s={search_term_string}"},"query-input":{"@type":"PropertyValueSpecification","valueRequired":true,"valueName":"search_term_string"}}],"inLanguage":"fr-FR"}]}},"_links":{"self":[{"href":"https:\/\/lesafriquesenquestions.com\/index.php?rest_route=\/wp\/v2\/ova_audio\/5377","targetHints":{"allow":["GET"]}}],"collection":[{"href":"https:\/\/lesafriquesenquestions.com\/index.php?rest_route=\/wp\/v2\/ova_audio"}],"about":[{"href":"https:\/\/lesafriquesenquestions.com\/index.php?rest_route=\/wp\/v2\/types\/ova_audio"}],"replies":[{"embeddable":true,"href":"https:\/\/lesafriquesenquestions.com\/index.php?rest_route=%2Fwp%2Fv2%2Fcomments&post=5377"}],"version-history":[{"count":2,"href":"https:\/\/lesafriquesenquestions.com\/index.php?rest_route=\/wp\/v2\/ova_audio\/5377\/revisions"}],"predecessor-version":[{"id":5414,"href":"https:\/\/lesafriquesenquestions.com\/index.php?rest_route=\/wp\/v2\/ova_audio\/5377\/revisions\/5414"}],"wp:featuredmedia":[{"embeddable":true,"href":"https:\/\/lesafriquesenquestions.com\/index.php?rest_route=\/wp\/v2\/media\/5381"}],"wp:attachment":[{"href":"https:\/\/lesafriquesenquestions.com\/index.php?rest_route=%2Fwp%2Fv2%2Fmedia&parent=5377"}],"wp:term":[{"taxonomy":"category_audio","embeddable":true,"href":"https:\/\/lesafriquesenquestions.com\/index.php?rest_route=%2Fwp%2Fv2%2Fcategory_audio&post=5377"},{"taxonomy":"season_audio","embeddable":true,"href":"https:\/\/lesafriquesenquestions.com\/index.php?rest_route=%2Fwp%2Fv2%2Fseason_audio&post=5377"},{"taxonomy":"tag_audio","embeddable":true,"href":"https:\/\/lesafriquesenquestions.com\/index.php?rest_route=%2Fwp%2Fv2%2Ftag_audio&post=5377"}],"curies":[{"name":"wp","href":"https:\/\/api.w.org\/{rel}","templated":true}]}}

Sentiment anti-français, la Russie et Kemi Seba

<p>Yann Gwet, journaliste et essayiste camerounais, analyse le sentiment anti-français croissant en Afrique, le rôle de la Russie dans les reconfigurations géopolitiques du continent, et la figure de Kemi Seba — révélateurs des tensions idéologiques et identitaires qui traversent l&rsquo;Afrique contemporaine.</p>

<!-- This site is optimized with the Yoast SEO plugin v27.2 - https://yoast.com/product/yoast-seo-wordpress/ -->
<title>Sentiment anti-français, la Russie et Kemi Seba - Les Afriques en Questions</title>
<meta name="robots" content="index, follow, max-snippet:-1, max-image-preview:large, max-video-preview:-1" />
<link rel="canonical" href="https://lesafriquesenquestions.com/?ova_audio=sentiment-anti-francais-la-russie-et-kemi-seba" />
<meta property="og:locale" content="fr_FR" />
<meta property="og:type" content="article" />
<meta property="og:title" content="Sentiment anti-français, la Russie et Kemi Seba - Les Afriques en Questions" />
<meta property="og:description" content="Ni manipulation, ni hasard. Les ressorts profonds d&#039;un rejet qui redessine la carte des influences en Afrique." />
<meta property="og:url" content="https://lesafriquesenquestions.com/?ova_audio=sentiment-anti-francais-la-russie-et-kemi-seba" />
<meta property="og:site_name" content="Les Afriques en Questions" />
<meta property="article:modified_time" content="2026-04-07T01:05:30+00:00" />
<meta property="og:image" content="https://lesafriquesenquestions.com/wp-content/uploads/2025/09/LAEQ-Cover.jpg" />
	<meta property="og:image:width" content="640" />
	<meta property="og:image:height" content="640" />
	<meta property="og:image:type" content="image/jpeg" />
<meta name="twitter:card" content="summary_large_image" />
<meta name="twitter:label1" content="Durée de lecture estimée" />
	<meta name="twitter:data1" content="1 minute" />
<script type="application/ld+json" class="yoast-schema-graph">{"@context":"https://schema.org","@graph":[{"@type":"WebPage","@id":"https://lesafriquesenquestions.com/?ova_audio=sentiment-anti-francais-la-russie-et-kemi-seba","url":"https://lesafriquesenquestions.com/?ova_audio=sentiment-anti-francais-la-russie-et-kemi-seba","name":"Sentiment anti-français, la Russie et Kemi Seba - Les Afriques en Questions","isPartOf":{"@id":"https://lesafriquesenquestions.com/#website"},"primaryImageOfPage":{"@id":"https://lesafriquesenquestions.com/?ova_audio=sentiment-anti-francais-la-russie-et-kemi-seba#primaryimage"},"image":{"@id":"https://lesafriquesenquestions.com/?ova_audio=sentiment-anti-francais-la-russie-et-kemi-seba#primaryimage"},"thumbnailUrl":"https://lesafriquesenquestions.com/wp-content/uploads/2025/09/LAEQ-Cover.jpg","datePublished":"2021-01-01T07:00:00+00:00","dateModified":"2026-04-07T01:05:30+00:00","breadcrumb":{"@id":"https://lesafriquesenquestions.com/?ova_audio=sentiment-anti-francais-la-russie-et-kemi-seba#breadcrumb"},"inLanguage":"fr-FR","potentialAction":[{"@type":"ReadAction","target":["https://lesafriquesenquestions.com/?ova_audio=sentiment-anti-francais-la-russie-et-kemi-seba"]}]},{"@type":"ImageObject","inLanguage":"fr-FR","@id":"https://lesafriquesenquestions.com/?ova_audio=sentiment-anti-francais-la-russie-et-kemi-seba#primaryimage","url":"https://lesafriquesenquestions.com/wp-content/uploads/2025/09/LAEQ-Cover.jpg","contentUrl":"https://lesafriquesenquestions.com/wp-content/uploads/2025/09/LAEQ-Cover.jpg","width":640,"height":640},{"@type":"BreadcrumbList","@id":"https://lesafriquesenquestions.com/?ova_audio=sentiment-anti-francais-la-russie-et-kemi-seba#breadcrumb","itemListElement":[{"@type":"ListItem","position":1,"name":"Home","item":"https://lesafriquesenquestions.com/"},{"@type":"ListItem","position":2,"name":"Audios","item":"https://lesafriquesenquestions.com/?post_type=ova_audio"},{"@type":"ListItem","position":3,"name":"Sentiment anti-français, la Russie et Kemi Seba"}]},{"@type":"WebSite","@id":"https://lesafriquesenquestions.com/#website","url":"https://lesafriquesenquestions.com/","name":"Les Afriques en Questions","description":"","potentialAction":[{"@type":"SearchAction","target":{"@type":"EntryPoint","urlTemplate":"https://lesafriquesenquestions.com/?s={search_term_string}"},"query-input":{"@type":"PropertyValueSpecification","valueRequired":true,"valueName":"search_term_string"}}],"inLanguage":"fr-FR"}]}</script>
<!-- / Yoast SEO plugin. -->

Sentiment anti-français, la Russie et Kemi Seba - Les Afriques en Questions
