{"id":5376,"date":"2021-06-01T08:00:00","date_gmt":"2021-06-01T06:00:00","guid":{"rendered":"https:\/\/lesafriquesenquestions.com\/?ova_audio=les-tirailleurs-senegalais-memoire-et-enjeux"},"modified":"2026-04-07T03:04:58","modified_gmt":"2026-04-07T01:04:58","slug":"les-tirailleurs-senegalais-memoire-et-enjeux","status":"publish","type":"ova_audio","link":"https:\/\/lesafriquesenquestions.com\/?ova_audio=les-tirailleurs-senegalais-memoire-et-enjeux","title":{"rendered":"Les Tirailleurs S\u00e9n\u00e9galais : m\u00e9moire et enjeux"},"content":{"rendered":"<p>Ces soldats africains engag\u00e9s par la France durant l&rsquo;entreprise coloniale restent largement m\u00e9connus. Anthony Guyon, historien, dresse leur portrait et interroge les enjeux m\u00e9moriels relatifs \u00e0 ces combattants oubli\u00e9s entre deux m\u00e9moires nationales.<\/p>\n","protected":false},"excerpt":{"rendered":"<p>Des soldats oubli\u00e9s entre deux m\u00e9moires nationales. Retour sur une histoire coloniale encore disput\u00e9e.<\/p>\n","protected":false},"featured_media":5381,"comment_status":"open","ping_status":"closed","template":"","category_audio":[39],"season_audio":[57],"tag_audio":[],"class_list":["post-5376","ova_audio","type-ova_audio","status-publish","has-post-thumbnail","hentry","category_audio-memoire-culture","season_audio-saison-1"],"yoast_head":"<!-- This site is optimized with the Yoast SEO plugin v27.2 - https:\/\/yoast.com\/product\/yoast-seo-wordpress\/ -->\n<title>Les Tirailleurs S\u00e9n\u00e9galais : m\u00e9moire et enjeux - Les Afriques en Questions<\/title>\n<meta name=\"robots\" content=\"index, follow, max-snippet:-1, max-image-preview:large, max-video-preview:-1\" \/>\n<link rel=\"canonical\" href=\"https:\/\/lesafriquesenquestions.com\/?ova_audio=les-tirailleurs-senegalais-memoire-et-enjeux\" \/>\n<meta property=\"og:locale\" content=\"fr_FR\" \/>\n<meta property=\"og:type\" content=\"article\" \/>\n<meta property=\"og:title\" content=\"Les Tirailleurs S\u00e9n\u00e9galais : m\u00e9moire et enjeux - Les Afriques en Questions\" \/>\n<meta property=\"og:description\" content=\"Des soldats oubli\u00e9s entre deux m\u00e9moires nationales. Retour sur une histoire coloniale encore disput\u00e9e.\" \/>\n<meta property=\"og:url\" content=\"https:\/\/lesafriquesenquestions.com\/?ova_audio=les-tirailleurs-senegalais-memoire-et-enjeux\" \/>\n<meta property=\"og:site_name\" content=\"Les Afriques en Questions\" \/>\n<meta property=\"article:modified_time\" content=\"2026-04-07T01:04:58+00:00\" \/>\n<meta property=\"og:image\" content=\"https:\/\/lesafriquesenquestions.com\/wp-content\/uploads\/2025\/09\/LAEQ-Cover.jpg\" \/>\n\t<meta property=\"og:image:width\" content=\"640\" \/>\n\t<meta property=\"og:image:height\" content=\"640\" \/>\n\t<meta property=\"og:image:type\" content=\"image\/jpeg\" \/>\n<meta name=\"twitter:card\" content=\"summary_large_image\" \/>\n<meta name=\"twitter:label1\" content=\"Dur\u00e9e de lecture estim\u00e9e\" \/>\n\t<meta name=\"twitter:data1\" content=\"1 minute\" \/>\n<script type=\"application\/ld+json\" class=\"yoast-schema-graph\">{\"@context\":\"https:\/\/schema.org\",\"@graph\":[{\"@type\":\"WebPage\",\"@id\":\"https:\/\/lesafriquesenquestions.com\/?ova_audio=les-tirailleurs-senegalais-memoire-et-enjeux\",\"url\":\"https:\/\/lesafriquesenquestions.com\/?ova_audio=les-tirailleurs-senegalais-memoire-et-enjeux\",\"name\":\"Les Tirailleurs S\u00e9n\u00e9galais : m\u00e9moire et enjeux - Les Afriques en Questions\",\"isPartOf\":{\"@id\":\"https:\/\/lesafriquesenquestions.com\/#website\"},\"primaryImageOfPage\":{\"@id\":\"https:\/\/lesafriquesenquestions.com\/?ova_audio=les-tirailleurs-senegalais-memoire-et-enjeux#primaryimage\"},\"image\":{\"@id\":\"https:\/\/lesafriquesenquestions.com\/?ova_audio=les-tirailleurs-senegalais-memoire-et-enjeux#primaryimage\"},\"thumbnailUrl\":\"https:\/\/lesafriquesenquestions.com\/wp-content\/uploads\/2025\/09\/LAEQ-Cover.jpg\",\"datePublished\":\"2021-06-01T06:00:00+00:00\",\"dateModified\":\"2026-04-07T01:04:58+00:00\",\"breadcrumb\":{\"@id\":\"https:\/\/lesafriquesenquestions.com\/?ova_audio=les-tirailleurs-senegalais-memoire-et-enjeux#breadcrumb\"},\"inLanguage\":\"fr-FR\",\"potentialAction\":[{\"@type\":\"ReadAction\",\"target\":[\"https:\/\/lesafriquesenquestions.com\/?ova_audio=les-tirailleurs-senegalais-memoire-et-enjeux\"]}]},{\"@type\":\"ImageObject\",\"inLanguage\":\"fr-FR\",\"@id\":\"https:\/\/lesafriquesenquestions.com\/?ova_audio=les-tirailleurs-senegalais-memoire-et-enjeux#primaryimage\",\"url\":\"https:\/\/lesafriquesenquestions.com\/wp-content\/uploads\/2025\/09\/LAEQ-Cover.jpg\",\"contentUrl\":\"https:\/\/lesafriquesenquestions.com\/wp-content\/uploads\/2025\/09\/LAEQ-Cover.jpg\",\"width\":640,\"height\":640},{\"@type\":\"BreadcrumbList\",\"@id\":\"https:\/\/lesafriquesenquestions.com\/?ova_audio=les-tirailleurs-senegalais-memoire-et-enjeux#breadcrumb\",\"itemListElement\":[{\"@type\":\"ListItem\",\"position\":1,\"name\":\"Home\",\"item\":\"https:\/\/lesafriquesenquestions.com\/\"},{\"@type\":\"ListItem\",\"position\":2,\"name\":\"Audios\",\"item\":\"https:\/\/lesafriquesenquestions.com\/?post_type=ova_audio\"},{\"@type\":\"ListItem\",\"position\":3,\"name\":\"Les Tirailleurs S\u00e9n\u00e9galais : m\u00e9moire et enjeux\"}]},{\"@type\":\"WebSite\",\"@id\":\"https:\/\/lesafriquesenquestions.com\/#website\",\"url\":\"https:\/\/lesafriquesenquestions.com\/\",\"name\":\"Les Afriques en Questions\",\"description\":\"\",\"potentialAction\":[{\"@type\":\"SearchAction\",\"target\":{\"@type\":\"EntryPoint\",\"urlTemplate\":\"https:\/\/lesafriquesenquestions.com\/?s={search_term_string}\"},\"query-input\":{\"@type\":\"PropertyValueSpecification\",\"valueRequired\":true,\"valueName\":\"search_term_string\"}}],\"inLanguage\":\"fr-FR\"}]}<\/script>\n<!-- \/ Yoast SEO plugin. -->","yoast_head_json":{"title":"Les Tirailleurs S\u00e9n\u00e9galais : m\u00e9moire et enjeux - Les Afriques en Questions","robots":{"index":"index","follow":"follow","max-snippet":"max-snippet:-1","max-image-preview":"max-image-preview:large","max-video-preview":"max-video-preview:-1"},"canonical":"https:\/\/lesafriquesenquestions.com\/?ova_audio=les-tirailleurs-senegalais-memoire-et-enjeux","og_locale":"fr_FR","og_type":"article","og_title":"Les Tirailleurs S\u00e9n\u00e9galais : m\u00e9moire et enjeux - Les Afriques en Questions","og_description":"Des soldats oubli\u00e9s entre deux m\u00e9moires nationales. Retour sur une histoire coloniale encore disput\u00e9e.","og_url":"https:\/\/lesafriquesenquestions.com\/?ova_audio=les-tirailleurs-senegalais-memoire-et-enjeux","og_site_name":"Les Afriques en Questions","article_modified_time":"2026-04-07T01:04:58+00:00","og_image":[{"width":640,"height":640,"url":"https:\/\/lesafriquesenquestions.com\/wp-content\/uploads\/2025\/09\/LAEQ-Cover.jpg","type":"image\/jpeg"}],"twitter_card":"summary_large_image","twitter_misc":{"Dur\u00e9e de lecture estim\u00e9e":"1 minute"},"schema":{"@context":"https:\/\/schema.org","@graph":[{"@type":"WebPage","@id":"https:\/\/lesafriquesenquestions.com\/?ova_audio=les-tirailleurs-senegalais-memoire-et-enjeux","url":"https:\/\/lesafriquesenquestions.com\/?ova_audio=les-tirailleurs-senegalais-memoire-et-enjeux","name":"Les Tirailleurs S\u00e9n\u00e9galais : m\u00e9moire et enjeux - Les Afriques en Questions","isPartOf":{"@id":"https:\/\/lesafriquesenquestions.com\/#website"},"primaryImageOfPage":{"@id":"https:\/\/lesafriquesenquestions.com\/?ova_audio=les-tirailleurs-senegalais-memoire-et-enjeux#primaryimage"},"image":{"@id":"https:\/\/lesafriquesenquestions.com\/?ova_audio=les-tirailleurs-senegalais-memoire-et-enjeux#primaryimage"},"thumbnailUrl":"https:\/\/lesafriquesenquestions.com\/wp-content\/uploads\/2025\/09\/LAEQ-Cover.jpg","datePublished":"2021-06-01T06:00:00+00:00","dateModified":"2026-04-07T01:04:58+00:00","breadcrumb":{"@id":"https:\/\/lesafriquesenquestions.com\/?ova_audio=les-tirailleurs-senegalais-memoire-et-enjeux#breadcrumb"},"inLanguage":"fr-FR","potentialAction":[{"@type":"ReadAction","target":["https:\/\/lesafriquesenquestions.com\/?ova_audio=les-tirailleurs-senegalais-memoire-et-enjeux"]}]},{"@type":"ImageObject","inLanguage":"fr-FR","@id":"https:\/\/lesafriquesenquestions.com\/?ova_audio=les-tirailleurs-senegalais-memoire-et-enjeux#primaryimage","url":"https:\/\/lesafriquesenquestions.com\/wp-content\/uploads\/2025\/09\/LAEQ-Cover.jpg","contentUrl":"https:\/\/lesafriquesenquestions.com\/wp-content\/uploads\/2025\/09\/LAEQ-Cover.jpg","width":640,"height":640},{"@type":"BreadcrumbList","@id":"https:\/\/lesafriquesenquestions.com\/?ova_audio=les-tirailleurs-senegalais-memoire-et-enjeux#breadcrumb","itemListElement":[{"@type":"ListItem","position":1,"name":"Home","item":"https:\/\/lesafriquesenquestions.com\/"},{"@type":"ListItem","position":2,"name":"Audios","item":"https:\/\/lesafriquesenquestions.com\/?post_type=ova_audio"},{"@type":"ListItem","position":3,"name":"Les Tirailleurs S\u00e9n\u00e9galais : m\u00e9moire et enjeux"}]},{"@type":"WebSite","@id":"https:\/\/lesafriquesenquestions.com\/#website","url":"https:\/\/lesafriquesenquestions.com\/","name":"Les Afriques en Questions","description":"","potentialAction":[{"@type":"SearchAction","target":{"@type":"EntryPoint","urlTemplate":"https:\/\/lesafriquesenquestions.com\/?s={search_term_string}"},"query-input":{"@type":"PropertyValueSpecification","valueRequired":true,"valueName":"search_term_string"}}],"inLanguage":"fr-FR"}]}},"_links":{"self":[{"href":"https:\/\/lesafriquesenquestions.com\/index.php?rest_route=\/wp\/v2\/ova_audio\/5376","targetHints":{"allow":["GET"]}}],"collection":[{"href":"https:\/\/lesafriquesenquestions.com\/index.php?rest_route=\/wp\/v2\/ova_audio"}],"about":[{"href":"https:\/\/lesafriquesenquestions.com\/index.php?rest_route=\/wp\/v2\/types\/ova_audio"}],"replies":[{"embeddable":true,"href":"https:\/\/lesafriquesenquestions.com\/index.php?rest_route=%2Fwp%2Fv2%2Fcomments&post=5376"}],"version-history":[{"count":2,"href":"https:\/\/lesafriquesenquestions.com\/index.php?rest_route=\/wp\/v2\/ova_audio\/5376\/revisions"}],"predecessor-version":[{"id":5413,"href":"https:\/\/lesafriquesenquestions.com\/index.php?rest_route=\/wp\/v2\/ova_audio\/5376\/revisions\/5413"}],"wp:featuredmedia":[{"embeddable":true,"href":"https:\/\/lesafriquesenquestions.com\/index.php?rest_route=\/wp\/v2\/media\/5381"}],"wp:attachment":[{"href":"https:\/\/lesafriquesenquestions.com\/index.php?rest_route=%2Fwp%2Fv2%2Fmedia&parent=5376"}],"wp:term":[{"taxonomy":"category_audio","embeddable":true,"href":"https:\/\/lesafriquesenquestions.com\/index.php?rest_route=%2Fwp%2Fv2%2Fcategory_audio&post=5376"},{"taxonomy":"season_audio","embeddable":true,"href":"https:\/\/lesafriquesenquestions.com\/index.php?rest_route=%2Fwp%2Fv2%2Fseason_audio&post=5376"},{"taxonomy":"tag_audio","embeddable":true,"href":"https:\/\/lesafriquesenquestions.com\/index.php?rest_route=%2Fwp%2Fv2%2Ftag_audio&post=5376"}],"curies":[{"name":"wp","href":"https:\/\/api.w.org\/{rel}","templated":true}]}}

Les Tirailleurs Sénégalais : mémoire et enjeux

<p>Ces soldats africains engagés par la France durant l&rsquo;entreprise coloniale restent largement méconnus. Anthony Guyon, historien, dresse leur portrait et interroge les enjeux mémoriels relatifs à ces combattants oubliés entre deux mémoires nationales.</p>

<p>Des soldats oubliés entre deux mémoires nationales. Retour sur une histoire coloniale encore disputée.</p>

<!-- This site is optimized with the Yoast SEO plugin v27.2 - https://yoast.com/product/yoast-seo-wordpress/ -->
<title>Les Tirailleurs Sénégalais : mémoire et enjeux - Les Afriques en Questions</title>
<meta name="robots" content="index, follow, max-snippet:-1, max-image-preview:large, max-video-preview:-1" />
<link rel="canonical" href="https://lesafriquesenquestions.com/?ova_audio=les-tirailleurs-senegalais-memoire-et-enjeux" />
<meta property="og:locale" content="fr_FR" />
<meta property="og:type" content="article" />
<meta property="og:title" content="Les Tirailleurs Sénégalais : mémoire et enjeux - Les Afriques en Questions" />
<meta property="og:description" content="Des soldats oubliés entre deux mémoires nationales. Retour sur une histoire coloniale encore disputée." />
<meta property="og:url" content="https://lesafriquesenquestions.com/?ova_audio=les-tirailleurs-senegalais-memoire-et-enjeux" />
<meta property="og:site_name" content="Les Afriques en Questions" />
<meta property="article:modified_time" content="2026-04-07T01:04:58+00:00" />
<meta property="og:image" content="https://lesafriquesenquestions.com/wp-content/uploads/2025/09/LAEQ-Cover.jpg" />
	<meta property="og:image:width" content="640" />
	<meta property="og:image:height" content="640" />
	<meta property="og:image:type" content="image/jpeg" />
<meta name="twitter:card" content="summary_large_image" />
<meta name="twitter:label1" content="Durée de lecture estimée" />
	<meta name="twitter:data1" content="1 minute" />
<script type="application/ld+json" class="yoast-schema-graph">{"@context":"https://schema.org","@graph":[{"@type":"WebPage","@id":"https://lesafriquesenquestions.com/?ova_audio=les-tirailleurs-senegalais-memoire-et-enjeux","url":"https://lesafriquesenquestions.com/?ova_audio=les-tirailleurs-senegalais-memoire-et-enjeux","name":"Les Tirailleurs Sénégalais : mémoire et enjeux - Les Afriques en Questions","isPartOf":{"@id":"https://lesafriquesenquestions.com/#website"},"primaryImageOfPage":{"@id":"https://lesafriquesenquestions.com/?ova_audio=les-tirailleurs-senegalais-memoire-et-enjeux#primaryimage"},"image":{"@id":"https://lesafriquesenquestions.com/?ova_audio=les-tirailleurs-senegalais-memoire-et-enjeux#primaryimage"},"thumbnailUrl":"https://lesafriquesenquestions.com/wp-content/uploads/2025/09/LAEQ-Cover.jpg","datePublished":"2021-06-01T06:00:00+00:00","dateModified":"2026-04-07T01:04:58+00:00","breadcrumb":{"@id":"https://lesafriquesenquestions.com/?ova_audio=les-tirailleurs-senegalais-memoire-et-enjeux#breadcrumb"},"inLanguage":"fr-FR","potentialAction":[{"@type":"ReadAction","target":["https://lesafriquesenquestions.com/?ova_audio=les-tirailleurs-senegalais-memoire-et-enjeux"]}]},{"@type":"ImageObject","inLanguage":"fr-FR","@id":"https://lesafriquesenquestions.com/?ova_audio=les-tirailleurs-senegalais-memoire-et-enjeux#primaryimage","url":"https://lesafriquesenquestions.com/wp-content/uploads/2025/09/LAEQ-Cover.jpg","contentUrl":"https://lesafriquesenquestions.com/wp-content/uploads/2025/09/LAEQ-Cover.jpg","width":640,"height":640},{"@type":"BreadcrumbList","@id":"https://lesafriquesenquestions.com/?ova_audio=les-tirailleurs-senegalais-memoire-et-enjeux#breadcrumb","itemListElement":[{"@type":"ListItem","position":1,"name":"Home","item":"https://lesafriquesenquestions.com/"},{"@type":"ListItem","position":2,"name":"Audios","item":"https://lesafriquesenquestions.com/?post_type=ova_audio"},{"@type":"ListItem","position":3,"name":"Les Tirailleurs Sénégalais : mémoire et enjeux"}]},{"@type":"WebSite","@id":"https://lesafriquesenquestions.com/#website","url":"https://lesafriquesenquestions.com/","name":"Les Afriques en Questions","description":"","potentialAction":[{"@type":"SearchAction","target":{"@type":"EntryPoint","urlTemplate":"https://lesafriquesenquestions.com/?s={search_term_string}"},"query-input":{"@type":"PropertyValueSpecification","valueRequired":true,"valueName":"search_term_string"}}],"inLanguage":"fr-FR"}]}</script>
<!-- / Yoast SEO plugin. -->

Les Tirailleurs Sénégalais : mémoire et enjeux - Les Afriques en Questions

Des soldats oubliés entre deux mémoires nationales. Retour sur une histoire coloniale encore disputée.
