{"id":5375,"date":"2022-01-01T08:00:00","date_gmt":"2022-01-01T07:00:00","guid":{"rendered":"https:\/\/lesafriquesenquestions.com\/?ova_audio=les-emirats-arabes-unis-et-lafrique"},"modified":"2026-04-07T03:04:37","modified_gmt":"2026-04-07T01:04:37","slug":"les-emirats-arabes-unis-et-lafrique","status":"publish","type":"ova_audio","link":"https:\/\/lesafriquesenquestions.com\/?ova_audio=les-emirats-arabes-unis-et-lafrique","title":{"rendered":"Les \u00c9mirats arabes unis et l&rsquo;Afrique"},"content":{"rendered":"<p>Jean Loup Samaan analyse la politique \u00e9trang\u00e8re des \u00c9mirats arabes unis \u00e0 l&rsquo;endroit du continent africain : la place de Duba\u00ef comme hub financier et logistique, le r\u00f4le strat\u00e9gique d&rsquo;Emirates, et les jeux de puissance dans la Corne de l&rsquo;Afrique.<\/p>\n","protected":false},"excerpt":{"rendered":"<p>Duba\u00ef, Emirates, Corne de l&rsquo;Afrique : les \u00c9mirats construisent discr\u00e8tement leur pr\u00e9sence sur le continent.<\/p>\n","protected":false},"featured_media":5381,"comment_status":"open","ping_status":"closed","template":"","category_audio":[35],"season_audio":[57],"tag_audio":[],"class_list":["post-5375","ova_audio","type-ova_audio","status-publish","has-post-thumbnail","hentry","category_audio-relations-internationales","season_audio-saison-1"],"yoast_head":"<!-- This site is optimized with the Yoast SEO plugin v27.2 - https:\/\/yoast.com\/product\/yoast-seo-wordpress\/ -->\n<title>Les \u00c9mirats arabes unis et l&#039;Afrique - Les Afriques en Questions<\/title>\n<meta name=\"robots\" content=\"index, follow, max-snippet:-1, max-image-preview:large, max-video-preview:-1\" \/>\n<link rel=\"canonical\" href=\"https:\/\/lesafriquesenquestions.com\/?ova_audio=les-emirats-arabes-unis-et-lafrique\" \/>\n<meta property=\"og:locale\" content=\"fr_FR\" \/>\n<meta property=\"og:type\" content=\"article\" \/>\n<meta property=\"og:title\" content=\"Les \u00c9mirats arabes unis et l&#039;Afrique - Les Afriques en Questions\" \/>\n<meta property=\"og:description\" content=\"Duba\u00ef, Emirates, Corne de l&#039;Afrique : les \u00c9mirats construisent discr\u00e8tement leur pr\u00e9sence sur le continent.\" \/>\n<meta property=\"og:url\" content=\"https:\/\/lesafriquesenquestions.com\/?ova_audio=les-emirats-arabes-unis-et-lafrique\" \/>\n<meta property=\"og:site_name\" content=\"Les Afriques en Questions\" \/>\n<meta property=\"article:modified_time\" content=\"2026-04-07T01:04:37+00:00\" \/>\n<meta property=\"og:image\" content=\"https:\/\/lesafriquesenquestions.com\/wp-content\/uploads\/2025\/09\/LAEQ-Cover.jpg\" \/>\n\t<meta property=\"og:image:width\" content=\"640\" \/>\n\t<meta property=\"og:image:height\" content=\"640\" \/>\n\t<meta property=\"og:image:type\" content=\"image\/jpeg\" \/>\n<meta name=\"twitter:card\" content=\"summary_large_image\" \/>\n<meta name=\"twitter:label1\" content=\"Dur\u00e9e de lecture estim\u00e9e\" \/>\n\t<meta name=\"twitter:data1\" content=\"1 minute\" \/>\n<script type=\"application\/ld+json\" class=\"yoast-schema-graph\">{\"@context\":\"https:\/\/schema.org\",\"@graph\":[{\"@type\":\"WebPage\",\"@id\":\"https:\/\/lesafriquesenquestions.com\/?ova_audio=les-emirats-arabes-unis-et-lafrique\",\"url\":\"https:\/\/lesafriquesenquestions.com\/?ova_audio=les-emirats-arabes-unis-et-lafrique\",\"name\":\"Les \u00c9mirats arabes unis et l'Afrique - Les Afriques en Questions\",\"isPartOf\":{\"@id\":\"https:\/\/lesafriquesenquestions.com\/#website\"},\"primaryImageOfPage\":{\"@id\":\"https:\/\/lesafriquesenquestions.com\/?ova_audio=les-emirats-arabes-unis-et-lafrique#primaryimage\"},\"image\":{\"@id\":\"https:\/\/lesafriquesenquestions.com\/?ova_audio=les-emirats-arabes-unis-et-lafrique#primaryimage\"},\"thumbnailUrl\":\"https:\/\/lesafriquesenquestions.com\/wp-content\/uploads\/2025\/09\/LAEQ-Cover.jpg\",\"datePublished\":\"2022-01-01T07:00:00+00:00\",\"dateModified\":\"2026-04-07T01:04:37+00:00\",\"breadcrumb\":{\"@id\":\"https:\/\/lesafriquesenquestions.com\/?ova_audio=les-emirats-arabes-unis-et-lafrique#breadcrumb\"},\"inLanguage\":\"fr-FR\",\"potentialAction\":[{\"@type\":\"ReadAction\",\"target\":[\"https:\/\/lesafriquesenquestions.com\/?ova_audio=les-emirats-arabes-unis-et-lafrique\"]}]},{\"@type\":\"ImageObject\",\"inLanguage\":\"fr-FR\",\"@id\":\"https:\/\/lesafriquesenquestions.com\/?ova_audio=les-emirats-arabes-unis-et-lafrique#primaryimage\",\"url\":\"https:\/\/lesafriquesenquestions.com\/wp-content\/uploads\/2025\/09\/LAEQ-Cover.jpg\",\"contentUrl\":\"https:\/\/lesafriquesenquestions.com\/wp-content\/uploads\/2025\/09\/LAEQ-Cover.jpg\",\"width\":640,\"height\":640},{\"@type\":\"BreadcrumbList\",\"@id\":\"https:\/\/lesafriquesenquestions.com\/?ova_audio=les-emirats-arabes-unis-et-lafrique#breadcrumb\",\"itemListElement\":[{\"@type\":\"ListItem\",\"position\":1,\"name\":\"Home\",\"item\":\"https:\/\/lesafriquesenquestions.com\/\"},{\"@type\":\"ListItem\",\"position\":2,\"name\":\"Audios\",\"item\":\"https:\/\/lesafriquesenquestions.com\/?post_type=ova_audio\"},{\"@type\":\"ListItem\",\"position\":3,\"name\":\"Les \u00c9mirats arabes unis et l&rsquo;Afrique\"}]},{\"@type\":\"WebSite\",\"@id\":\"https:\/\/lesafriquesenquestions.com\/#website\",\"url\":\"https:\/\/lesafriquesenquestions.com\/\",\"name\":\"Les Afriques en Questions\",\"description\":\"\",\"potentialAction\":[{\"@type\":\"SearchAction\",\"target\":{\"@type\":\"EntryPoint\",\"urlTemplate\":\"https:\/\/lesafriquesenquestions.com\/?s={search_term_string}\"},\"query-input\":{\"@type\":\"PropertyValueSpecification\",\"valueRequired\":true,\"valueName\":\"search_term_string\"}}],\"inLanguage\":\"fr-FR\"}]}<\/script>\n<!-- \/ Yoast SEO plugin. -->","yoast_head_json":{"title":"Les \u00c9mirats arabes unis et l'Afrique - Les Afriques en Questions","robots":{"index":"index","follow":"follow","max-snippet":"max-snippet:-1","max-image-preview":"max-image-preview:large","max-video-preview":"max-video-preview:-1"},"canonical":"https:\/\/lesafriquesenquestions.com\/?ova_audio=les-emirats-arabes-unis-et-lafrique","og_locale":"fr_FR","og_type":"article","og_title":"Les \u00c9mirats arabes unis et l'Afrique - Les Afriques en Questions","og_description":"Duba\u00ef, Emirates, Corne de l'Afrique : les \u00c9mirats construisent discr\u00e8tement leur pr\u00e9sence sur le continent.","og_url":"https:\/\/lesafriquesenquestions.com\/?ova_audio=les-emirats-arabes-unis-et-lafrique","og_site_name":"Les Afriques en Questions","article_modified_time":"2026-04-07T01:04:37+00:00","og_image":[{"width":640,"height":640,"url":"https:\/\/lesafriquesenquestions.com\/wp-content\/uploads\/2025\/09\/LAEQ-Cover.jpg","type":"image\/jpeg"}],"twitter_card":"summary_large_image","twitter_misc":{"Dur\u00e9e de lecture estim\u00e9e":"1 minute"},"schema":{"@context":"https:\/\/schema.org","@graph":[{"@type":"WebPage","@id":"https:\/\/lesafriquesenquestions.com\/?ova_audio=les-emirats-arabes-unis-et-lafrique","url":"https:\/\/lesafriquesenquestions.com\/?ova_audio=les-emirats-arabes-unis-et-lafrique","name":"Les \u00c9mirats arabes unis et l'Afrique - Les Afriques en Questions","isPartOf":{"@id":"https:\/\/lesafriquesenquestions.com\/#website"},"primaryImageOfPage":{"@id":"https:\/\/lesafriquesenquestions.com\/?ova_audio=les-emirats-arabes-unis-et-lafrique#primaryimage"},"image":{"@id":"https:\/\/lesafriquesenquestions.com\/?ova_audio=les-emirats-arabes-unis-et-lafrique#primaryimage"},"thumbnailUrl":"https:\/\/lesafriquesenquestions.com\/wp-content\/uploads\/2025\/09\/LAEQ-Cover.jpg","datePublished":"2022-01-01T07:00:00+00:00","dateModified":"2026-04-07T01:04:37+00:00","breadcrumb":{"@id":"https:\/\/lesafriquesenquestions.com\/?ova_audio=les-emirats-arabes-unis-et-lafrique#breadcrumb"},"inLanguage":"fr-FR","potentialAction":[{"@type":"ReadAction","target":["https:\/\/lesafriquesenquestions.com\/?ova_audio=les-emirats-arabes-unis-et-lafrique"]}]},{"@type":"ImageObject","inLanguage":"fr-FR","@id":"https:\/\/lesafriquesenquestions.com\/?ova_audio=les-emirats-arabes-unis-et-lafrique#primaryimage","url":"https:\/\/lesafriquesenquestions.com\/wp-content\/uploads\/2025\/09\/LAEQ-Cover.jpg","contentUrl":"https:\/\/lesafriquesenquestions.com\/wp-content\/uploads\/2025\/09\/LAEQ-Cover.jpg","width":640,"height":640},{"@type":"BreadcrumbList","@id":"https:\/\/lesafriquesenquestions.com\/?ova_audio=les-emirats-arabes-unis-et-lafrique#breadcrumb","itemListElement":[{"@type":"ListItem","position":1,"name":"Home","item":"https:\/\/lesafriquesenquestions.com\/"},{"@type":"ListItem","position":2,"name":"Audios","item":"https:\/\/lesafriquesenquestions.com\/?post_type=ova_audio"},{"@type":"ListItem","position":3,"name":"Les \u00c9mirats arabes unis et l&rsquo;Afrique"}]},{"@type":"WebSite","@id":"https:\/\/lesafriquesenquestions.com\/#website","url":"https:\/\/lesafriquesenquestions.com\/","name":"Les Afriques en Questions","description":"","potentialAction":[{"@type":"SearchAction","target":{"@type":"EntryPoint","urlTemplate":"https:\/\/lesafriquesenquestions.com\/?s={search_term_string}"},"query-input":{"@type":"PropertyValueSpecification","valueRequired":true,"valueName":"search_term_string"}}],"inLanguage":"fr-FR"}]}},"_links":{"self":[{"href":"https:\/\/lesafriquesenquestions.com\/index.php?rest_route=\/wp\/v2\/ova_audio\/5375","targetHints":{"allow":["GET"]}}],"collection":[{"href":"https:\/\/lesafriquesenquestions.com\/index.php?rest_route=\/wp\/v2\/ova_audio"}],"about":[{"href":"https:\/\/lesafriquesenquestions.com\/index.php?rest_route=\/wp\/v2\/types\/ova_audio"}],"replies":[{"embeddable":true,"href":"https:\/\/lesafriquesenquestions.com\/index.php?rest_route=%2Fwp%2Fv2%2Fcomments&post=5375"}],"version-history":[{"count":2,"href":"https:\/\/lesafriquesenquestions.com\/index.php?rest_route=\/wp\/v2\/ova_audio\/5375\/revisions"}],"predecessor-version":[{"id":5412,"href":"https:\/\/lesafriquesenquestions.com\/index.php?rest_route=\/wp\/v2\/ova_audio\/5375\/revisions\/5412"}],"wp:featuredmedia":[{"embeddable":true,"href":"https:\/\/lesafriquesenquestions.com\/index.php?rest_route=\/wp\/v2\/media\/5381"}],"wp:attachment":[{"href":"https:\/\/lesafriquesenquestions.com\/index.php?rest_route=%2Fwp%2Fv2%2Fmedia&parent=5375"}],"wp:term":[{"taxonomy":"category_audio","embeddable":true,"href":"https:\/\/lesafriquesenquestions.com\/index.php?rest_route=%2Fwp%2Fv2%2Fcategory_audio&post=5375"},{"taxonomy":"season_audio","embeddable":true,"href":"https:\/\/lesafriquesenquestions.com\/index.php?rest_route=%2Fwp%2Fv2%2Fseason_audio&post=5375"},{"taxonomy":"tag_audio","embeddable":true,"href":"https:\/\/lesafriquesenquestions.com\/index.php?rest_route=%2Fwp%2Fv2%2Ftag_audio&post=5375"}],"curies":[{"name":"wp","href":"https:\/\/api.w.org\/{rel}","templated":true}]}}

Les Émirats arabes unis et l&rsquo;Afrique

<p>Jean Loup Samaan analyse la politique étrangère des Émirats arabes unis à l&rsquo;endroit du continent africain : la place de Dubaï comme hub financier et logistique, le rôle stratégique d&rsquo;Emirates, et les jeux de puissance dans la Corne de l&rsquo;Afrique.</p>

<p>Dubaï, Emirates, Corne de l&rsquo;Afrique : les Émirats construisent discrètement leur présence sur le continent.</p>

<!-- This site is optimized with the Yoast SEO plugin v27.2 - https://yoast.com/product/yoast-seo-wordpress/ -->
<title>Les Émirats arabes unis et l&#039;Afrique - Les Afriques en Questions</title>
<meta name="robots" content="index, follow, max-snippet:-1, max-image-preview:large, max-video-preview:-1" />
<link rel="canonical" href="https://lesafriquesenquestions.com/?ova_audio=les-emirats-arabes-unis-et-lafrique" />
<meta property="og:locale" content="fr_FR" />
<meta property="og:type" content="article" />
<meta property="og:title" content="Les Émirats arabes unis et l&#039;Afrique - Les Afriques en Questions" />
<meta property="og:description" content="Dubaï, Emirates, Corne de l&#039;Afrique : les Émirats construisent discrètement leur présence sur le continent." />
<meta property="og:url" content="https://lesafriquesenquestions.com/?ova_audio=les-emirats-arabes-unis-et-lafrique" />
<meta property="og:site_name" content="Les Afriques en Questions" />
<meta property="article:modified_time" content="2026-04-07T01:04:37+00:00" />
<meta property="og:image" content="https://lesafriquesenquestions.com/wp-content/uploads/2025/09/LAEQ-Cover.jpg" />
	<meta property="og:image:width" content="640" />
	<meta property="og:image:height" content="640" />
	<meta property="og:image:type" content="image/jpeg" />
<meta name="twitter:card" content="summary_large_image" />
<meta name="twitter:label1" content="Durée de lecture estimée" />
	<meta name="twitter:data1" content="1 minute" />
<script type="application/ld+json" class="yoast-schema-graph">{"@context":"https://schema.org","@graph":[{"@type":"WebPage","@id":"https://lesafriquesenquestions.com/?ova_audio=les-emirats-arabes-unis-et-lafrique","url":"https://lesafriquesenquestions.com/?ova_audio=les-emirats-arabes-unis-et-lafrique","name":"Les Émirats arabes unis et l'Afrique - Les Afriques en Questions","isPartOf":{"@id":"https://lesafriquesenquestions.com/#website"},"primaryImageOfPage":{"@id":"https://lesafriquesenquestions.com/?ova_audio=les-emirats-arabes-unis-et-lafrique#primaryimage"},"image":{"@id":"https://lesafriquesenquestions.com/?ova_audio=les-emirats-arabes-unis-et-lafrique#primaryimage"},"thumbnailUrl":"https://lesafriquesenquestions.com/wp-content/uploads/2025/09/LAEQ-Cover.jpg","datePublished":"2022-01-01T07:00:00+00:00","dateModified":"2026-04-07T01:04:37+00:00","breadcrumb":{"@id":"https://lesafriquesenquestions.com/?ova_audio=les-emirats-arabes-unis-et-lafrique#breadcrumb"},"inLanguage":"fr-FR","potentialAction":[{"@type":"ReadAction","target":["https://lesafriquesenquestions.com/?ova_audio=les-emirats-arabes-unis-et-lafrique"]}]},{"@type":"ImageObject","inLanguage":"fr-FR","@id":"https://lesafriquesenquestions.com/?ova_audio=les-emirats-arabes-unis-et-lafrique#primaryimage","url":"https://lesafriquesenquestions.com/wp-content/uploads/2025/09/LAEQ-Cover.jpg","contentUrl":"https://lesafriquesenquestions.com/wp-content/uploads/2025/09/LAEQ-Cover.jpg","width":640,"height":640},{"@type":"BreadcrumbList","@id":"https://lesafriquesenquestions.com/?ova_audio=les-emirats-arabes-unis-et-lafrique#breadcrumb","itemListElement":[{"@type":"ListItem","position":1,"name":"Home","item":"https://lesafriquesenquestions.com/"},{"@type":"ListItem","position":2,"name":"Audios","item":"https://lesafriquesenquestions.com/?post_type=ova_audio"},{"@type":"ListItem","position":3,"name":"Les Émirats arabes unis et l&rsquo;Afrique"}]},{"@type":"WebSite","@id":"https://lesafriquesenquestions.com/#website","url":"https://lesafriquesenquestions.com/","name":"Les Afriques en Questions","description":"","potentialAction":[{"@type":"SearchAction","target":{"@type":"EntryPoint","urlTemplate":"https://lesafriquesenquestions.com/?s={search_term_string}"},"query-input":{"@type":"PropertyValueSpecification","valueRequired":true,"valueName":"search_term_string"}}],"inLanguage":"fr-FR"}]}</script>
<!-- / Yoast SEO plugin. -->

Les Émirats arabes unis et l'Afrique - Les Afriques en Questions

Dubaï, Emirates, Corne de l'Afrique : les Émirats construisent discrètement leur présence sur le continent.
