{"id":5373,"date":"2023-06-18T08:00:00","date_gmt":"2023-06-18T06:00:00","guid":{"rendered":"https:\/\/lesafriquesenquestions.com\/?ova_audio=le-tb2-et-la-diplomatie-du-drone-de-la-turquie"},"modified":"2026-04-07T03:03:46","modified_gmt":"2026-04-07T01:03:46","slug":"le-tb2-et-la-diplomatie-du-drone-de-la-turquie","status":"publish","type":"ova_audio","link":"https:\/\/lesafriquesenquestions.com\/?ova_audio=le-tb2-et-la-diplomatie-du-drone-de-la-turquie","title":{"rendered":"Le TB2 et la diplomatie du drone de la Turquie"},"content":{"rendered":"<p>L\u00e9o P\u00e9ria-Peign\u00e9 analyse la diplomatie du drone \u00e9tablie par la Turquie d&rsquo;Erdogan \u00e0 partir du drone TB2. Performant en Syrie, en Libye et dans le Haut-Karabakh, il est devenu un outil diplomatique de premier plan. Quelles sont les implications politiques de son utilisation sur le th\u00e9\u00e2tre africain ?<\/p>\n","protected":false},"excerpt":{"rendered":"<p>Un drone, une strat\u00e9gie d&rsquo;influence. Comment Erdogan a fait du TB2 une arme diplomatique en Afrique.<\/p>\n","protected":false},"featured_media":5381,"comment_status":"open","ping_status":"closed","template":"","category_audio":[35],"season_audio":[56],"tag_audio":[],"class_list":["post-5373","ova_audio","type-ova_audio","status-publish","has-post-thumbnail","hentry","category_audio-relations-internationales","season_audio-saison-2"],"yoast_head":"<!-- This site is optimized with the Yoast SEO plugin v27.2 - https:\/\/yoast.com\/product\/yoast-seo-wordpress\/ -->\n<title>Le TB2 et la diplomatie du drone de la Turquie - Les Afriques en Questions<\/title>\n<meta name=\"robots\" content=\"index, follow, max-snippet:-1, max-image-preview:large, max-video-preview:-1\" \/>\n<link rel=\"canonical\" href=\"https:\/\/lesafriquesenquestions.com\/?ova_audio=le-tb2-et-la-diplomatie-du-drone-de-la-turquie\" \/>\n<meta property=\"og:locale\" content=\"fr_FR\" \/>\n<meta property=\"og:type\" content=\"article\" \/>\n<meta property=\"og:title\" content=\"Le TB2 et la diplomatie du drone de la Turquie - Les Afriques en Questions\" \/>\n<meta property=\"og:description\" content=\"Un drone, une strat\u00e9gie d&#039;influence. Comment Erdogan a fait du TB2 une arme diplomatique en Afrique.\" \/>\n<meta property=\"og:url\" content=\"https:\/\/lesafriquesenquestions.com\/?ova_audio=le-tb2-et-la-diplomatie-du-drone-de-la-turquie\" \/>\n<meta property=\"og:site_name\" content=\"Les Afriques en Questions\" \/>\n<meta property=\"article:modified_time\" content=\"2026-04-07T01:03:46+00:00\" \/>\n<meta property=\"og:image\" content=\"https:\/\/lesafriquesenquestions.com\/wp-content\/uploads\/2025\/09\/LAEQ-Cover.jpg\" \/>\n\t<meta property=\"og:image:width\" content=\"640\" \/>\n\t<meta property=\"og:image:height\" content=\"640\" \/>\n\t<meta property=\"og:image:type\" content=\"image\/jpeg\" \/>\n<meta name=\"twitter:card\" content=\"summary_large_image\" \/>\n<meta name=\"twitter:label1\" content=\"Dur\u00e9e de lecture estim\u00e9e\" \/>\n\t<meta name=\"twitter:data1\" content=\"1 minute\" \/>\n<script type=\"application\/ld+json\" class=\"yoast-schema-graph\">{\"@context\":\"https:\/\/schema.org\",\"@graph\":[{\"@type\":\"WebPage\",\"@id\":\"https:\/\/lesafriquesenquestions.com\/?ova_audio=le-tb2-et-la-diplomatie-du-drone-de-la-turquie\",\"url\":\"https:\/\/lesafriquesenquestions.com\/?ova_audio=le-tb2-et-la-diplomatie-du-drone-de-la-turquie\",\"name\":\"Le TB2 et la diplomatie du drone de la Turquie - Les Afriques en Questions\",\"isPartOf\":{\"@id\":\"https:\/\/lesafriquesenquestions.com\/#website\"},\"primaryImageOfPage\":{\"@id\":\"https:\/\/lesafriquesenquestions.com\/?ova_audio=le-tb2-et-la-diplomatie-du-drone-de-la-turquie#primaryimage\"},\"image\":{\"@id\":\"https:\/\/lesafriquesenquestions.com\/?ova_audio=le-tb2-et-la-diplomatie-du-drone-de-la-turquie#primaryimage\"},\"thumbnailUrl\":\"https:\/\/lesafriquesenquestions.com\/wp-content\/uploads\/2025\/09\/LAEQ-Cover.jpg\",\"datePublished\":\"2023-06-18T06:00:00+00:00\",\"dateModified\":\"2026-04-07T01:03:46+00:00\",\"breadcrumb\":{\"@id\":\"https:\/\/lesafriquesenquestions.com\/?ova_audio=le-tb2-et-la-diplomatie-du-drone-de-la-turquie#breadcrumb\"},\"inLanguage\":\"fr-FR\",\"potentialAction\":[{\"@type\":\"ReadAction\",\"target\":[\"https:\/\/lesafriquesenquestions.com\/?ova_audio=le-tb2-et-la-diplomatie-du-drone-de-la-turquie\"]}]},{\"@type\":\"ImageObject\",\"inLanguage\":\"fr-FR\",\"@id\":\"https:\/\/lesafriquesenquestions.com\/?ova_audio=le-tb2-et-la-diplomatie-du-drone-de-la-turquie#primaryimage\",\"url\":\"https:\/\/lesafriquesenquestions.com\/wp-content\/uploads\/2025\/09\/LAEQ-Cover.jpg\",\"contentUrl\":\"https:\/\/lesafriquesenquestions.com\/wp-content\/uploads\/2025\/09\/LAEQ-Cover.jpg\",\"width\":640,\"height\":640},{\"@type\":\"BreadcrumbList\",\"@id\":\"https:\/\/lesafriquesenquestions.com\/?ova_audio=le-tb2-et-la-diplomatie-du-drone-de-la-turquie#breadcrumb\",\"itemListElement\":[{\"@type\":\"ListItem\",\"position\":1,\"name\":\"Home\",\"item\":\"https:\/\/lesafriquesenquestions.com\/\"},{\"@type\":\"ListItem\",\"position\":2,\"name\":\"Audios\",\"item\":\"https:\/\/lesafriquesenquestions.com\/?post_type=ova_audio\"},{\"@type\":\"ListItem\",\"position\":3,\"name\":\"Le TB2 et la diplomatie du drone de la Turquie\"}]},{\"@type\":\"WebSite\",\"@id\":\"https:\/\/lesafriquesenquestions.com\/#website\",\"url\":\"https:\/\/lesafriquesenquestions.com\/\",\"name\":\"Les Afriques en Questions\",\"description\":\"\",\"potentialAction\":[{\"@type\":\"SearchAction\",\"target\":{\"@type\":\"EntryPoint\",\"urlTemplate\":\"https:\/\/lesafriquesenquestions.com\/?s={search_term_string}\"},\"query-input\":{\"@type\":\"PropertyValueSpecification\",\"valueRequired\":true,\"valueName\":\"search_term_string\"}}],\"inLanguage\":\"fr-FR\"}]}<\/script>\n<!-- \/ Yoast SEO plugin. -->","yoast_head_json":{"title":"Le TB2 et la diplomatie du drone de la Turquie - Les Afriques en Questions","robots":{"index":"index","follow":"follow","max-snippet":"max-snippet:-1","max-image-preview":"max-image-preview:large","max-video-preview":"max-video-preview:-1"},"canonical":"https:\/\/lesafriquesenquestions.com\/?ova_audio=le-tb2-et-la-diplomatie-du-drone-de-la-turquie","og_locale":"fr_FR","og_type":"article","og_title":"Le TB2 et la diplomatie du drone de la Turquie - Les Afriques en Questions","og_description":"Un drone, une strat\u00e9gie d'influence. Comment Erdogan a fait du TB2 une arme diplomatique en Afrique.","og_url":"https:\/\/lesafriquesenquestions.com\/?ova_audio=le-tb2-et-la-diplomatie-du-drone-de-la-turquie","og_site_name":"Les Afriques en Questions","article_modified_time":"2026-04-07T01:03:46+00:00","og_image":[{"width":640,"height":640,"url":"https:\/\/lesafriquesenquestions.com\/wp-content\/uploads\/2025\/09\/LAEQ-Cover.jpg","type":"image\/jpeg"}],"twitter_card":"summary_large_image","twitter_misc":{"Dur\u00e9e de lecture estim\u00e9e":"1 minute"},"schema":{"@context":"https:\/\/schema.org","@graph":[{"@type":"WebPage","@id":"https:\/\/lesafriquesenquestions.com\/?ova_audio=le-tb2-et-la-diplomatie-du-drone-de-la-turquie","url":"https:\/\/lesafriquesenquestions.com\/?ova_audio=le-tb2-et-la-diplomatie-du-drone-de-la-turquie","name":"Le TB2 et la diplomatie du drone de la Turquie - Les Afriques en Questions","isPartOf":{"@id":"https:\/\/lesafriquesenquestions.com\/#website"},"primaryImageOfPage":{"@id":"https:\/\/lesafriquesenquestions.com\/?ova_audio=le-tb2-et-la-diplomatie-du-drone-de-la-turquie#primaryimage"},"image":{"@id":"https:\/\/lesafriquesenquestions.com\/?ova_audio=le-tb2-et-la-diplomatie-du-drone-de-la-turquie#primaryimage"},"thumbnailUrl":"https:\/\/lesafriquesenquestions.com\/wp-content\/uploads\/2025\/09\/LAEQ-Cover.jpg","datePublished":"2023-06-18T06:00:00+00:00","dateModified":"2026-04-07T01:03:46+00:00","breadcrumb":{"@id":"https:\/\/lesafriquesenquestions.com\/?ova_audio=le-tb2-et-la-diplomatie-du-drone-de-la-turquie#breadcrumb"},"inLanguage":"fr-FR","potentialAction":[{"@type":"ReadAction","target":["https:\/\/lesafriquesenquestions.com\/?ova_audio=le-tb2-et-la-diplomatie-du-drone-de-la-turquie"]}]},{"@type":"ImageObject","inLanguage":"fr-FR","@id":"https:\/\/lesafriquesenquestions.com\/?ova_audio=le-tb2-et-la-diplomatie-du-drone-de-la-turquie#primaryimage","url":"https:\/\/lesafriquesenquestions.com\/wp-content\/uploads\/2025\/09\/LAEQ-Cover.jpg","contentUrl":"https:\/\/lesafriquesenquestions.com\/wp-content\/uploads\/2025\/09\/LAEQ-Cover.jpg","width":640,"height":640},{"@type":"BreadcrumbList","@id":"https:\/\/lesafriquesenquestions.com\/?ova_audio=le-tb2-et-la-diplomatie-du-drone-de-la-turquie#breadcrumb","itemListElement":[{"@type":"ListItem","position":1,"name":"Home","item":"https:\/\/lesafriquesenquestions.com\/"},{"@type":"ListItem","position":2,"name":"Audios","item":"https:\/\/lesafriquesenquestions.com\/?post_type=ova_audio"},{"@type":"ListItem","position":3,"name":"Le TB2 et la diplomatie du drone de la Turquie"}]},{"@type":"WebSite","@id":"https:\/\/lesafriquesenquestions.com\/#website","url":"https:\/\/lesafriquesenquestions.com\/","name":"Les Afriques en Questions","description":"","potentialAction":[{"@type":"SearchAction","target":{"@type":"EntryPoint","urlTemplate":"https:\/\/lesafriquesenquestions.com\/?s={search_term_string}"},"query-input":{"@type":"PropertyValueSpecification","valueRequired":true,"valueName":"search_term_string"}}],"inLanguage":"fr-FR"}]}},"_links":{"self":[{"href":"https:\/\/lesafriquesenquestions.com\/index.php?rest_route=\/wp\/v2\/ova_audio\/5373","targetHints":{"allow":["GET"]}}],"collection":[{"href":"https:\/\/lesafriquesenquestions.com\/index.php?rest_route=\/wp\/v2\/ova_audio"}],"about":[{"href":"https:\/\/lesafriquesenquestions.com\/index.php?rest_route=\/wp\/v2\/types\/ova_audio"}],"replies":[{"embeddable":true,"href":"https:\/\/lesafriquesenquestions.com\/index.php?rest_route=%2Fwp%2Fv2%2Fcomments&post=5373"}],"version-history":[{"count":2,"href":"https:\/\/lesafriquesenquestions.com\/index.php?rest_route=\/wp\/v2\/ova_audio\/5373\/revisions"}],"predecessor-version":[{"id":5410,"href":"https:\/\/lesafriquesenquestions.com\/index.php?rest_route=\/wp\/v2\/ova_audio\/5373\/revisions\/5410"}],"wp:featuredmedia":[{"embeddable":true,"href":"https:\/\/lesafriquesenquestions.com\/index.php?rest_route=\/wp\/v2\/media\/5381"}],"wp:attachment":[{"href":"https:\/\/lesafriquesenquestions.com\/index.php?rest_route=%2Fwp%2Fv2%2Fmedia&parent=5373"}],"wp:term":[{"taxonomy":"category_audio","embeddable":true,"href":"https:\/\/lesafriquesenquestions.com\/index.php?rest_route=%2Fwp%2Fv2%2Fcategory_audio&post=5373"},{"taxonomy":"season_audio","embeddable":true,"href":"https:\/\/lesafriquesenquestions.com\/index.php?rest_route=%2Fwp%2Fv2%2Fseason_audio&post=5373"},{"taxonomy":"tag_audio","embeddable":true,"href":"https:\/\/lesafriquesenquestions.com\/index.php?rest_route=%2Fwp%2Fv2%2Ftag_audio&post=5373"}],"curies":[{"name":"wp","href":"https:\/\/api.w.org\/{rel}","templated":true}]}}

<p>Léo Péria-Peigné analyse la diplomatie du drone établie par la Turquie d&rsquo;Erdogan à partir du drone TB2. Performant en Syrie, en Libye et dans le Haut-Karabakh, il est devenu un outil diplomatique de premier plan. Quelles sont les implications politiques de son utilisation sur le théâtre africain ?</p>

<p>Un drone, une stratégie d&rsquo;influence. Comment Erdogan a fait du TB2 une arme diplomatique en Afrique.</p>

<!-- This site is optimized with the Yoast SEO plugin v27.2 - https://yoast.com/product/yoast-seo-wordpress/ -->
<title>Le TB2 et la diplomatie du drone de la Turquie - Les Afriques en Questions</title>
<meta name="robots" content="index, follow, max-snippet:-1, max-image-preview:large, max-video-preview:-1" />
<link rel="canonical" href="https://lesafriquesenquestions.com/?ova_audio=le-tb2-et-la-diplomatie-du-drone-de-la-turquie" />
<meta property="og:locale" content="fr_FR" />
<meta property="og:type" content="article" />
<meta property="og:title" content="Le TB2 et la diplomatie du drone de la Turquie - Les Afriques en Questions" />
<meta property="og:description" content="Un drone, une stratégie d&#039;influence. Comment Erdogan a fait du TB2 une arme diplomatique en Afrique." />
<meta property="og:url" content="https://lesafriquesenquestions.com/?ova_audio=le-tb2-et-la-diplomatie-du-drone-de-la-turquie" />
<meta property="og:site_name" content="Les Afriques en Questions" />
<meta property="article:modified_time" content="2026-04-07T01:03:46+00:00" />
<meta property="og:image" content="https://lesafriquesenquestions.com/wp-content/uploads/2025/09/LAEQ-Cover.jpg" />
	<meta property="og:image:width" content="640" />
	<meta property="og:image:height" content="640" />
	<meta property="og:image:type" content="image/jpeg" />
<meta name="twitter:card" content="summary_large_image" />
<meta name="twitter:label1" content="Durée de lecture estimée" />
	<meta name="twitter:data1" content="1 minute" />
<script type="application/ld+json" class="yoast-schema-graph">{"@context":"https://schema.org","@graph":[{"@type":"WebPage","@id":"https://lesafriquesenquestions.com/?ova_audio=le-tb2-et-la-diplomatie-du-drone-de-la-turquie","url":"https://lesafriquesenquestions.com/?ova_audio=le-tb2-et-la-diplomatie-du-drone-de-la-turquie","name":"Le TB2 et la diplomatie du drone de la Turquie - Les Afriques en Questions","isPartOf":{"@id":"https://lesafriquesenquestions.com/#website"},"primaryImageOfPage":{"@id":"https://lesafriquesenquestions.com/?ova_audio=le-tb2-et-la-diplomatie-du-drone-de-la-turquie#primaryimage"},"image":{"@id":"https://lesafriquesenquestions.com/?ova_audio=le-tb2-et-la-diplomatie-du-drone-de-la-turquie#primaryimage"},"thumbnailUrl":"https://lesafriquesenquestions.com/wp-content/uploads/2025/09/LAEQ-Cover.jpg","datePublished":"2023-06-18T06:00:00+00:00","dateModified":"2026-04-07T01:03:46+00:00","breadcrumb":{"@id":"https://lesafriquesenquestions.com/?ova_audio=le-tb2-et-la-diplomatie-du-drone-de-la-turquie#breadcrumb"},"inLanguage":"fr-FR","potentialAction":[{"@type":"ReadAction","target":["https://lesafriquesenquestions.com/?ova_audio=le-tb2-et-la-diplomatie-du-drone-de-la-turquie"]}]},{"@type":"ImageObject","inLanguage":"fr-FR","@id":"https://lesafriquesenquestions.com/?ova_audio=le-tb2-et-la-diplomatie-du-drone-de-la-turquie#primaryimage","url":"https://lesafriquesenquestions.com/wp-content/uploads/2025/09/LAEQ-Cover.jpg","contentUrl":"https://lesafriquesenquestions.com/wp-content/uploads/2025/09/LAEQ-Cover.jpg","width":640,"height":640},{"@type":"BreadcrumbList","@id":"https://lesafriquesenquestions.com/?ova_audio=le-tb2-et-la-diplomatie-du-drone-de-la-turquie#breadcrumb","itemListElement":[{"@type":"ListItem","position":1,"name":"Home","item":"https://lesafriquesenquestions.com/"},{"@type":"ListItem","position":2,"name":"Audios","item":"https://lesafriquesenquestions.com/?post_type=ova_audio"},{"@type":"ListItem","position":3,"name":"Le TB2 et la diplomatie du drone de la Turquie"}]},{"@type":"WebSite","@id":"https://lesafriquesenquestions.com/#website","url":"https://lesafriquesenquestions.com/","name":"Les Afriques en Questions","description":"","potentialAction":[{"@type":"SearchAction","target":{"@type":"EntryPoint","urlTemplate":"https://lesafriquesenquestions.com/?s={search_term_string}"},"query-input":{"@type":"PropertyValueSpecification","valueRequired":true,"valueName":"search_term_string"}}],"inLanguage":"fr-FR"}]}</script>
<!-- / Yoast SEO plugin. -->

Un drone, une stratégie d'influence. Comment Erdogan a fait du TB2 une arme diplomatique en Afrique.
