{"id":5372,"date":"2023-07-12T08:00:00","date_gmt":"2023-07-12T06:00:00","guid":{"rendered":"https:\/\/lesafriquesenquestions.com\/?ova_audio=le-sommet-pour-un-nouveau-pacte-financier-mondial"},"modified":"2026-04-07T03:03:19","modified_gmt":"2026-04-07T01:03:19","slug":"le-sommet-pour-un-nouveau-pacte-financier-mondial","status":"publish","type":"ova_audio","link":"https:\/\/lesafriquesenquestions.com\/?ova_audio=le-sommet-pour-un-nouveau-pacte-financier-mondial","title":{"rendered":"Le sommet pour un nouveau pacte financier mondial"},"content":{"rendered":"<p>Le Sommet pour un nouveau pacte financier mondial s&rsquo;est tenu \u00e0 Paris les 22 et 23 juin 2023, avec pour objectif de repenser l&rsquo;architecture du syst\u00e8me financier mondial. Aur\u00e9lien Lechevallier, directeur g\u00e9n\u00e9ral de la mondialisation au Minist\u00e8re des Affaires \u00e9trang\u00e8res et l&rsquo;un des organisateurs de ce sommet, en d\u00e9crypte les enjeux et les attentes pour le continent africain.<\/p>\n","protected":false},"excerpt":{"rendered":"<p>Refonder l&rsquo;architecture financi\u00e8re mondiale. Ce que le sommet de Paris promet \u2014 et ce qu&rsquo;il tait \u2014 pour l&rsquo;Afrique.<\/p>\n","protected":false},"featured_media":5381,"comment_status":"open","ping_status":"closed","template":"","category_audio":[40],"season_audio":[56],"tag_audio":[],"class_list":["post-5372","ova_audio","type-ova_audio","status-publish","has-post-thumbnail","hentry","category_audio-economie-politique","season_audio-saison-2"],"yoast_head":"<!-- This site is optimized with the Yoast SEO plugin v27.2 - https:\/\/yoast.com\/product\/yoast-seo-wordpress\/ -->\n<title>Le sommet pour un nouveau pacte financier mondial - Les Afriques en Questions<\/title>\n<meta name=\"robots\" content=\"index, follow, max-snippet:-1, max-image-preview:large, max-video-preview:-1\" \/>\n<link rel=\"canonical\" href=\"https:\/\/lesafriquesenquestions.com\/?ova_audio=le-sommet-pour-un-nouveau-pacte-financier-mondial\" \/>\n<meta property=\"og:locale\" content=\"fr_FR\" \/>\n<meta property=\"og:type\" content=\"article\" \/>\n<meta property=\"og:title\" content=\"Le sommet pour un nouveau pacte financier mondial - Les Afriques en Questions\" \/>\n<meta property=\"og:description\" content=\"Refonder l&#039;architecture financi\u00e8re mondiale. Ce que le sommet de Paris promet \u2014 et ce qu&#039;il tait \u2014 pour l&#039;Afrique.\" \/>\n<meta property=\"og:url\" content=\"https:\/\/lesafriquesenquestions.com\/?ova_audio=le-sommet-pour-un-nouveau-pacte-financier-mondial\" \/>\n<meta property=\"og:site_name\" content=\"Les Afriques en Questions\" \/>\n<meta property=\"article:modified_time\" content=\"2026-04-07T01:03:19+00:00\" \/>\n<meta property=\"og:image\" content=\"https:\/\/lesafriquesenquestions.com\/wp-content\/uploads\/2025\/09\/LAEQ-Cover.jpg\" \/>\n\t<meta property=\"og:image:width\" content=\"640\" \/>\n\t<meta property=\"og:image:height\" content=\"640\" \/>\n\t<meta property=\"og:image:type\" content=\"image\/jpeg\" \/>\n<meta name=\"twitter:card\" content=\"summary_large_image\" \/>\n<meta name=\"twitter:label1\" content=\"Dur\u00e9e de lecture estim\u00e9e\" \/>\n\t<meta name=\"twitter:data1\" content=\"1 minute\" \/>\n<script type=\"application\/ld+json\" class=\"yoast-schema-graph\">{\"@context\":\"https:\/\/schema.org\",\"@graph\":[{\"@type\":\"WebPage\",\"@id\":\"https:\/\/lesafriquesenquestions.com\/?ova_audio=le-sommet-pour-un-nouveau-pacte-financier-mondial\",\"url\":\"https:\/\/lesafriquesenquestions.com\/?ova_audio=le-sommet-pour-un-nouveau-pacte-financier-mondial\",\"name\":\"Le sommet pour un nouveau pacte financier mondial - Les Afriques en Questions\",\"isPartOf\":{\"@id\":\"https:\/\/lesafriquesenquestions.com\/#website\"},\"primaryImageOfPage\":{\"@id\":\"https:\/\/lesafriquesenquestions.com\/?ova_audio=le-sommet-pour-un-nouveau-pacte-financier-mondial#primaryimage\"},\"image\":{\"@id\":\"https:\/\/lesafriquesenquestions.com\/?ova_audio=le-sommet-pour-un-nouveau-pacte-financier-mondial#primaryimage\"},\"thumbnailUrl\":\"https:\/\/lesafriquesenquestions.com\/wp-content\/uploads\/2025\/09\/LAEQ-Cover.jpg\",\"datePublished\":\"2023-07-12T06:00:00+00:00\",\"dateModified\":\"2026-04-07T01:03:19+00:00\",\"breadcrumb\":{\"@id\":\"https:\/\/lesafriquesenquestions.com\/?ova_audio=le-sommet-pour-un-nouveau-pacte-financier-mondial#breadcrumb\"},\"inLanguage\":\"fr-FR\",\"potentialAction\":[{\"@type\":\"ReadAction\",\"target\":[\"https:\/\/lesafriquesenquestions.com\/?ova_audio=le-sommet-pour-un-nouveau-pacte-financier-mondial\"]}]},{\"@type\":\"ImageObject\",\"inLanguage\":\"fr-FR\",\"@id\":\"https:\/\/lesafriquesenquestions.com\/?ova_audio=le-sommet-pour-un-nouveau-pacte-financier-mondial#primaryimage\",\"url\":\"https:\/\/lesafriquesenquestions.com\/wp-content\/uploads\/2025\/09\/LAEQ-Cover.jpg\",\"contentUrl\":\"https:\/\/lesafriquesenquestions.com\/wp-content\/uploads\/2025\/09\/LAEQ-Cover.jpg\",\"width\":640,\"height\":640},{\"@type\":\"BreadcrumbList\",\"@id\":\"https:\/\/lesafriquesenquestions.com\/?ova_audio=le-sommet-pour-un-nouveau-pacte-financier-mondial#breadcrumb\",\"itemListElement\":[{\"@type\":\"ListItem\",\"position\":1,\"name\":\"Home\",\"item\":\"https:\/\/lesafriquesenquestions.com\/\"},{\"@type\":\"ListItem\",\"position\":2,\"name\":\"Audios\",\"item\":\"https:\/\/lesafriquesenquestions.com\/?post_type=ova_audio\"},{\"@type\":\"ListItem\",\"position\":3,\"name\":\"Le sommet pour un nouveau pacte financier mondial\"}]},{\"@type\":\"WebSite\",\"@id\":\"https:\/\/lesafriquesenquestions.com\/#website\",\"url\":\"https:\/\/lesafriquesenquestions.com\/\",\"name\":\"Les Afriques en Questions\",\"description\":\"\",\"potentialAction\":[{\"@type\":\"SearchAction\",\"target\":{\"@type\":\"EntryPoint\",\"urlTemplate\":\"https:\/\/lesafriquesenquestions.com\/?s={search_term_string}\"},\"query-input\":{\"@type\":\"PropertyValueSpecification\",\"valueRequired\":true,\"valueName\":\"search_term_string\"}}],\"inLanguage\":\"fr-FR\"}]}<\/script>\n<!-- \/ Yoast SEO plugin. -->","yoast_head_json":{"title":"Le sommet pour un nouveau pacte financier mondial - Les Afriques en Questions","robots":{"index":"index","follow":"follow","max-snippet":"max-snippet:-1","max-image-preview":"max-image-preview:large","max-video-preview":"max-video-preview:-1"},"canonical":"https:\/\/lesafriquesenquestions.com\/?ova_audio=le-sommet-pour-un-nouveau-pacte-financier-mondial","og_locale":"fr_FR","og_type":"article","og_title":"Le sommet pour un nouveau pacte financier mondial - Les Afriques en Questions","og_description":"Refonder l'architecture financi\u00e8re mondiale. Ce que le sommet de Paris promet \u2014 et ce qu'il tait \u2014 pour l'Afrique.","og_url":"https:\/\/lesafriquesenquestions.com\/?ova_audio=le-sommet-pour-un-nouveau-pacte-financier-mondial","og_site_name":"Les Afriques en Questions","article_modified_time":"2026-04-07T01:03:19+00:00","og_image":[{"width":640,"height":640,"url":"https:\/\/lesafriquesenquestions.com\/wp-content\/uploads\/2025\/09\/LAEQ-Cover.jpg","type":"image\/jpeg"}],"twitter_card":"summary_large_image","twitter_misc":{"Dur\u00e9e de lecture estim\u00e9e":"1 minute"},"schema":{"@context":"https:\/\/schema.org","@graph":[{"@type":"WebPage","@id":"https:\/\/lesafriquesenquestions.com\/?ova_audio=le-sommet-pour-un-nouveau-pacte-financier-mondial","url":"https:\/\/lesafriquesenquestions.com\/?ova_audio=le-sommet-pour-un-nouveau-pacte-financier-mondial","name":"Le sommet pour un nouveau pacte financier mondial - Les Afriques en Questions","isPartOf":{"@id":"https:\/\/lesafriquesenquestions.com\/#website"},"primaryImageOfPage":{"@id":"https:\/\/lesafriquesenquestions.com\/?ova_audio=le-sommet-pour-un-nouveau-pacte-financier-mondial#primaryimage"},"image":{"@id":"https:\/\/lesafriquesenquestions.com\/?ova_audio=le-sommet-pour-un-nouveau-pacte-financier-mondial#primaryimage"},"thumbnailUrl":"https:\/\/lesafriquesenquestions.com\/wp-content\/uploads\/2025\/09\/LAEQ-Cover.jpg","datePublished":"2023-07-12T06:00:00+00:00","dateModified":"2026-04-07T01:03:19+00:00","breadcrumb":{"@id":"https:\/\/lesafriquesenquestions.com\/?ova_audio=le-sommet-pour-un-nouveau-pacte-financier-mondial#breadcrumb"},"inLanguage":"fr-FR","potentialAction":[{"@type":"ReadAction","target":["https:\/\/lesafriquesenquestions.com\/?ova_audio=le-sommet-pour-un-nouveau-pacte-financier-mondial"]}]},{"@type":"ImageObject","inLanguage":"fr-FR","@id":"https:\/\/lesafriquesenquestions.com\/?ova_audio=le-sommet-pour-un-nouveau-pacte-financier-mondial#primaryimage","url":"https:\/\/lesafriquesenquestions.com\/wp-content\/uploads\/2025\/09\/LAEQ-Cover.jpg","contentUrl":"https:\/\/lesafriquesenquestions.com\/wp-content\/uploads\/2025\/09\/LAEQ-Cover.jpg","width":640,"height":640},{"@type":"BreadcrumbList","@id":"https:\/\/lesafriquesenquestions.com\/?ova_audio=le-sommet-pour-un-nouveau-pacte-financier-mondial#breadcrumb","itemListElement":[{"@type":"ListItem","position":1,"name":"Home","item":"https:\/\/lesafriquesenquestions.com\/"},{"@type":"ListItem","position":2,"name":"Audios","item":"https:\/\/lesafriquesenquestions.com\/?post_type=ova_audio"},{"@type":"ListItem","position":3,"name":"Le sommet pour un nouveau pacte financier mondial"}]},{"@type":"WebSite","@id":"https:\/\/lesafriquesenquestions.com\/#website","url":"https:\/\/lesafriquesenquestions.com\/","name":"Les Afriques en Questions","description":"","potentialAction":[{"@type":"SearchAction","target":{"@type":"EntryPoint","urlTemplate":"https:\/\/lesafriquesenquestions.com\/?s={search_term_string}"},"query-input":{"@type":"PropertyValueSpecification","valueRequired":true,"valueName":"search_term_string"}}],"inLanguage":"fr-FR"}]}},"_links":{"self":[{"href":"https:\/\/lesafriquesenquestions.com\/index.php?rest_route=\/wp\/v2\/ova_audio\/5372","targetHints":{"allow":["GET"]}}],"collection":[{"href":"https:\/\/lesafriquesenquestions.com\/index.php?rest_route=\/wp\/v2\/ova_audio"}],"about":[{"href":"https:\/\/lesafriquesenquestions.com\/index.php?rest_route=\/wp\/v2\/types\/ova_audio"}],"replies":[{"embeddable":true,"href":"https:\/\/lesafriquesenquestions.com\/index.php?rest_route=%2Fwp%2Fv2%2Fcomments&post=5372"}],"version-history":[{"count":2,"href":"https:\/\/lesafriquesenquestions.com\/index.php?rest_route=\/wp\/v2\/ova_audio\/5372\/revisions"}],"predecessor-version":[{"id":5409,"href":"https:\/\/lesafriquesenquestions.com\/index.php?rest_route=\/wp\/v2\/ova_audio\/5372\/revisions\/5409"}],"wp:featuredmedia":[{"embeddable":true,"href":"https:\/\/lesafriquesenquestions.com\/index.php?rest_route=\/wp\/v2\/media\/5381"}],"wp:attachment":[{"href":"https:\/\/lesafriquesenquestions.com\/index.php?rest_route=%2Fwp%2Fv2%2Fmedia&parent=5372"}],"wp:term":[{"taxonomy":"category_audio","embeddable":true,"href":"https:\/\/lesafriquesenquestions.com\/index.php?rest_route=%2Fwp%2Fv2%2Fcategory_audio&post=5372"},{"taxonomy":"season_audio","embeddable":true,"href":"https:\/\/lesafriquesenquestions.com\/index.php?rest_route=%2Fwp%2Fv2%2Fseason_audio&post=5372"},{"taxonomy":"tag_audio","embeddable":true,"href":"https:\/\/lesafriquesenquestions.com\/index.php?rest_route=%2Fwp%2Fv2%2Ftag_audio&post=5372"}],"curies":[{"name":"wp","href":"https:\/\/api.w.org\/{rel}","templated":true}]}}

<p>Le Sommet pour un nouveau pacte financier mondial s&rsquo;est tenu à Paris les 22 et 23 juin 2023, avec pour objectif de repenser l&rsquo;architecture du système financier mondial. Aurélien Lechevallier, directeur général de la mondialisation au Ministère des Affaires étrangères et l&rsquo;un des organisateurs de ce sommet, en décrypte les enjeux et les attentes pour le continent africain.</p>

<p>Refonder l&rsquo;architecture financière mondiale. Ce que le sommet de Paris promet — et ce qu&rsquo;il tait — pour l&rsquo;Afrique.</p>

<!-- This site is optimized with the Yoast SEO plugin v27.2 - https://yoast.com/product/yoast-seo-wordpress/ -->
<title>Le sommet pour un nouveau pacte financier mondial - Les Afriques en Questions</title>
<meta name="robots" content="index, follow, max-snippet:-1, max-image-preview:large, max-video-preview:-1" />
<link rel="canonical" href="https://lesafriquesenquestions.com/?ova_audio=le-sommet-pour-un-nouveau-pacte-financier-mondial" />
<meta property="og:locale" content="fr_FR" />
<meta property="og:type" content="article" />
<meta property="og:title" content="Le sommet pour un nouveau pacte financier mondial - Les Afriques en Questions" />
<meta property="og:description" content="Refonder l&#039;architecture financière mondiale. Ce que le sommet de Paris promet — et ce qu&#039;il tait — pour l&#039;Afrique." />
<meta property="og:url" content="https://lesafriquesenquestions.com/?ova_audio=le-sommet-pour-un-nouveau-pacte-financier-mondial" />
<meta property="og:site_name" content="Les Afriques en Questions" />
<meta property="article:modified_time" content="2026-04-07T01:03:19+00:00" />
<meta property="og:image" content="https://lesafriquesenquestions.com/wp-content/uploads/2025/09/LAEQ-Cover.jpg" />
	<meta property="og:image:width" content="640" />
	<meta property="og:image:height" content="640" />
	<meta property="og:image:type" content="image/jpeg" />
<meta name="twitter:card" content="summary_large_image" />
<meta name="twitter:label1" content="Durée de lecture estimée" />
	<meta name="twitter:data1" content="1 minute" />
<script type="application/ld+json" class="yoast-schema-graph">{"@context":"https://schema.org","@graph":[{"@type":"WebPage","@id":"https://lesafriquesenquestions.com/?ova_audio=le-sommet-pour-un-nouveau-pacte-financier-mondial","url":"https://lesafriquesenquestions.com/?ova_audio=le-sommet-pour-un-nouveau-pacte-financier-mondial","name":"Le sommet pour un nouveau pacte financier mondial - Les Afriques en Questions","isPartOf":{"@id":"https://lesafriquesenquestions.com/#website"},"primaryImageOfPage":{"@id":"https://lesafriquesenquestions.com/?ova_audio=le-sommet-pour-un-nouveau-pacte-financier-mondial#primaryimage"},"image":{"@id":"https://lesafriquesenquestions.com/?ova_audio=le-sommet-pour-un-nouveau-pacte-financier-mondial#primaryimage"},"thumbnailUrl":"https://lesafriquesenquestions.com/wp-content/uploads/2025/09/LAEQ-Cover.jpg","datePublished":"2023-07-12T06:00:00+00:00","dateModified":"2026-04-07T01:03:19+00:00","breadcrumb":{"@id":"https://lesafriquesenquestions.com/?ova_audio=le-sommet-pour-un-nouveau-pacte-financier-mondial#breadcrumb"},"inLanguage":"fr-FR","potentialAction":[{"@type":"ReadAction","target":["https://lesafriquesenquestions.com/?ova_audio=le-sommet-pour-un-nouveau-pacte-financier-mondial"]}]},{"@type":"ImageObject","inLanguage":"fr-FR","@id":"https://lesafriquesenquestions.com/?ova_audio=le-sommet-pour-un-nouveau-pacte-financier-mondial#primaryimage","url":"https://lesafriquesenquestions.com/wp-content/uploads/2025/09/LAEQ-Cover.jpg","contentUrl":"https://lesafriquesenquestions.com/wp-content/uploads/2025/09/LAEQ-Cover.jpg","width":640,"height":640},{"@type":"BreadcrumbList","@id":"https://lesafriquesenquestions.com/?ova_audio=le-sommet-pour-un-nouveau-pacte-financier-mondial#breadcrumb","itemListElement":[{"@type":"ListItem","position":1,"name":"Home","item":"https://lesafriquesenquestions.com/"},{"@type":"ListItem","position":2,"name":"Audios","item":"https://lesafriquesenquestions.com/?post_type=ova_audio"},{"@type":"ListItem","position":3,"name":"Le sommet pour un nouveau pacte financier mondial"}]},{"@type":"WebSite","@id":"https://lesafriquesenquestions.com/#website","url":"https://lesafriquesenquestions.com/","name":"Les Afriques en Questions","description":"","potentialAction":[{"@type":"SearchAction","target":{"@type":"EntryPoint","urlTemplate":"https://lesafriquesenquestions.com/?s={search_term_string}"},"query-input":{"@type":"PropertyValueSpecification","valueRequired":true,"valueName":"search_term_string"}}],"inLanguage":"fr-FR"}]}</script>
<!-- / Yoast SEO plugin. -->

Refonder l'architecture financière mondiale. Ce que le sommet de Paris promet — et ce qu'il tait — pour l'Afrique.
