{"id":5369,"date":"2025-03-11T08:00:00","date_gmt":"2025-03-11T07:00:00","guid":{"rendered":"https:\/\/lesafriquesenquestions.com\/?ova_audio=comprendre-la-recomposition-securitaire-du-sahel"},"modified":"2026-04-07T03:01:54","modified_gmt":"2026-04-07T01:01:54","slug":"comprendre-la-recomposition-securitaire-du-sahel","status":"publish","type":"ova_audio","link":"https:\/\/lesafriquesenquestions.com\/?ova_audio=comprendre-la-recomposition-securitaire-du-sahel","title":{"rendered":"Comprendre la recomposition s\u00e9curitaire du Sahel"},"content":{"rendered":"<p>R\u00e9mi Carayol, journaliste \u00e0 Afrique XXI, d\u00e9crypte les transformations s\u00e9curitaires et politiques en Afrique de l&rsquo;Ouest. Entre coups d&rsquo;\u00c9tat, retrait des forces occidentales et mont\u00e9e en puissance de nouveaux acteurs, la r\u00e9gion conna\u00eet une recomposition majeure aux implications strat\u00e9giques profondes.<\/p>\n<p>Quels sont les v\u00e9ritables moteurs de ces bouleversements ? Quel r\u00f4le jouent les arm\u00e9es nationales, les mercenaires et les puissances \u00e9trang\u00e8res ?<\/p>\n","protected":false},"excerpt":{"rendered":"<p>Coups d&rsquo;\u00c9tat, mercenaires, retraits militaires : d\u00e9cryptage d&rsquo;une r\u00e9gion en recomposition acc\u00e9l\u00e9r\u00e9e.<\/p>\n","protected":false},"featured_media":5381,"comment_status":"open","ping_status":"closed","template":"","category_audio":[33],"season_audio":[55],"tag_audio":[],"class_list":["post-5369","ova_audio","type-ova_audio","status-publish","has-post-thumbnail","hentry","category_audio-securite-sahel","season_audio-saison-3"],"yoast_head":"<!-- This site is optimized with the Yoast SEO plugin v27.2 - https:\/\/yoast.com\/product\/yoast-seo-wordpress\/ -->\n<title>Comprendre la recomposition s\u00e9curitaire du Sahel - Les Afriques en Questions<\/title>\n<meta name=\"robots\" content=\"index, follow, max-snippet:-1, max-image-preview:large, max-video-preview:-1\" \/>\n<link rel=\"canonical\" href=\"https:\/\/lesafriquesenquestions.com\/?ova_audio=comprendre-la-recomposition-securitaire-du-sahel\" \/>\n<meta property=\"og:locale\" content=\"fr_FR\" \/>\n<meta property=\"og:type\" content=\"article\" \/>\n<meta property=\"og:title\" content=\"Comprendre la recomposition s\u00e9curitaire du Sahel - Les Afriques en Questions\" \/>\n<meta property=\"og:description\" content=\"Coups d&#039;\u00c9tat, mercenaires, retraits militaires : d\u00e9cryptage d&#039;une r\u00e9gion en recomposition acc\u00e9l\u00e9r\u00e9e.\" \/>\n<meta property=\"og:url\" content=\"https:\/\/lesafriquesenquestions.com\/?ova_audio=comprendre-la-recomposition-securitaire-du-sahel\" \/>\n<meta property=\"og:site_name\" content=\"Les Afriques en Questions\" \/>\n<meta property=\"article:modified_time\" content=\"2026-04-07T01:01:54+00:00\" \/>\n<meta property=\"og:image\" content=\"https:\/\/lesafriquesenquestions.com\/wp-content\/uploads\/2025\/09\/LAEQ-Cover.jpg\" \/>\n\t<meta property=\"og:image:width\" content=\"640\" \/>\n\t<meta property=\"og:image:height\" content=\"640\" \/>\n\t<meta property=\"og:image:type\" content=\"image\/jpeg\" \/>\n<meta name=\"twitter:card\" content=\"summary_large_image\" \/>\n<meta name=\"twitter:label1\" content=\"Dur\u00e9e de lecture estim\u00e9e\" \/>\n\t<meta name=\"twitter:data1\" content=\"1 minute\" \/>\n<script type=\"application\/ld+json\" class=\"yoast-schema-graph\">{\"@context\":\"https:\/\/schema.org\",\"@graph\":[{\"@type\":\"WebPage\",\"@id\":\"https:\/\/lesafriquesenquestions.com\/?ova_audio=comprendre-la-recomposition-securitaire-du-sahel\",\"url\":\"https:\/\/lesafriquesenquestions.com\/?ova_audio=comprendre-la-recomposition-securitaire-du-sahel\",\"name\":\"Comprendre la recomposition s\u00e9curitaire du Sahel - Les Afriques en Questions\",\"isPartOf\":{\"@id\":\"https:\/\/lesafriquesenquestions.com\/#website\"},\"primaryImageOfPage\":{\"@id\":\"https:\/\/lesafriquesenquestions.com\/?ova_audio=comprendre-la-recomposition-securitaire-du-sahel#primaryimage\"},\"image\":{\"@id\":\"https:\/\/lesafriquesenquestions.com\/?ova_audio=comprendre-la-recomposition-securitaire-du-sahel#primaryimage\"},\"thumbnailUrl\":\"https:\/\/lesafriquesenquestions.com\/wp-content\/uploads\/2025\/09\/LAEQ-Cover.jpg\",\"datePublished\":\"2025-03-11T07:00:00+00:00\",\"dateModified\":\"2026-04-07T01:01:54+00:00\",\"breadcrumb\":{\"@id\":\"https:\/\/lesafriquesenquestions.com\/?ova_audio=comprendre-la-recomposition-securitaire-du-sahel#breadcrumb\"},\"inLanguage\":\"fr-FR\",\"potentialAction\":[{\"@type\":\"ReadAction\",\"target\":[\"https:\/\/lesafriquesenquestions.com\/?ova_audio=comprendre-la-recomposition-securitaire-du-sahel\"]}]},{\"@type\":\"ImageObject\",\"inLanguage\":\"fr-FR\",\"@id\":\"https:\/\/lesafriquesenquestions.com\/?ova_audio=comprendre-la-recomposition-securitaire-du-sahel#primaryimage\",\"url\":\"https:\/\/lesafriquesenquestions.com\/wp-content\/uploads\/2025\/09\/LAEQ-Cover.jpg\",\"contentUrl\":\"https:\/\/lesafriquesenquestions.com\/wp-content\/uploads\/2025\/09\/LAEQ-Cover.jpg\",\"width\":640,\"height\":640},{\"@type\":\"BreadcrumbList\",\"@id\":\"https:\/\/lesafriquesenquestions.com\/?ova_audio=comprendre-la-recomposition-securitaire-du-sahel#breadcrumb\",\"itemListElement\":[{\"@type\":\"ListItem\",\"position\":1,\"name\":\"Home\",\"item\":\"https:\/\/lesafriquesenquestions.com\/\"},{\"@type\":\"ListItem\",\"position\":2,\"name\":\"Audios\",\"item\":\"https:\/\/lesafriquesenquestions.com\/?post_type=ova_audio\"},{\"@type\":\"ListItem\",\"position\":3,\"name\":\"Comprendre la recomposition s\u00e9curitaire du Sahel\"}]},{\"@type\":\"WebSite\",\"@id\":\"https:\/\/lesafriquesenquestions.com\/#website\",\"url\":\"https:\/\/lesafriquesenquestions.com\/\",\"name\":\"Les Afriques en Questions\",\"description\":\"\",\"potentialAction\":[{\"@type\":\"SearchAction\",\"target\":{\"@type\":\"EntryPoint\",\"urlTemplate\":\"https:\/\/lesafriquesenquestions.com\/?s={search_term_string}\"},\"query-input\":{\"@type\":\"PropertyValueSpecification\",\"valueRequired\":true,\"valueName\":\"search_term_string\"}}],\"inLanguage\":\"fr-FR\"}]}<\/script>\n<!-- \/ Yoast SEO plugin. -->","yoast_head_json":{"title":"Comprendre la recomposition s\u00e9curitaire du Sahel - Les Afriques en Questions","robots":{"index":"index","follow":"follow","max-snippet":"max-snippet:-1","max-image-preview":"max-image-preview:large","max-video-preview":"max-video-preview:-1"},"canonical":"https:\/\/lesafriquesenquestions.com\/?ova_audio=comprendre-la-recomposition-securitaire-du-sahel","og_locale":"fr_FR","og_type":"article","og_title":"Comprendre la recomposition s\u00e9curitaire du Sahel - Les Afriques en Questions","og_description":"Coups d'\u00c9tat, mercenaires, retraits militaires : d\u00e9cryptage d'une r\u00e9gion en recomposition acc\u00e9l\u00e9r\u00e9e.","og_url":"https:\/\/lesafriquesenquestions.com\/?ova_audio=comprendre-la-recomposition-securitaire-du-sahel","og_site_name":"Les Afriques en Questions","article_modified_time":"2026-04-07T01:01:54+00:00","og_image":[{"width":640,"height":640,"url":"https:\/\/lesafriquesenquestions.com\/wp-content\/uploads\/2025\/09\/LAEQ-Cover.jpg","type":"image\/jpeg"}],"twitter_card":"summary_large_image","twitter_misc":{"Dur\u00e9e de lecture estim\u00e9e":"1 minute"},"schema":{"@context":"https:\/\/schema.org","@graph":[{"@type":"WebPage","@id":"https:\/\/lesafriquesenquestions.com\/?ova_audio=comprendre-la-recomposition-securitaire-du-sahel","url":"https:\/\/lesafriquesenquestions.com\/?ova_audio=comprendre-la-recomposition-securitaire-du-sahel","name":"Comprendre la recomposition s\u00e9curitaire du Sahel - Les Afriques en Questions","isPartOf":{"@id":"https:\/\/lesafriquesenquestions.com\/#website"},"primaryImageOfPage":{"@id":"https:\/\/lesafriquesenquestions.com\/?ova_audio=comprendre-la-recomposition-securitaire-du-sahel#primaryimage"},"image":{"@id":"https:\/\/lesafriquesenquestions.com\/?ova_audio=comprendre-la-recomposition-securitaire-du-sahel#primaryimage"},"thumbnailUrl":"https:\/\/lesafriquesenquestions.com\/wp-content\/uploads\/2025\/09\/LAEQ-Cover.jpg","datePublished":"2025-03-11T07:00:00+00:00","dateModified":"2026-04-07T01:01:54+00:00","breadcrumb":{"@id":"https:\/\/lesafriquesenquestions.com\/?ova_audio=comprendre-la-recomposition-securitaire-du-sahel#breadcrumb"},"inLanguage":"fr-FR","potentialAction":[{"@type":"ReadAction","target":["https:\/\/lesafriquesenquestions.com\/?ova_audio=comprendre-la-recomposition-securitaire-du-sahel"]}]},{"@type":"ImageObject","inLanguage":"fr-FR","@id":"https:\/\/lesafriquesenquestions.com\/?ova_audio=comprendre-la-recomposition-securitaire-du-sahel#primaryimage","url":"https:\/\/lesafriquesenquestions.com\/wp-content\/uploads\/2025\/09\/LAEQ-Cover.jpg","contentUrl":"https:\/\/lesafriquesenquestions.com\/wp-content\/uploads\/2025\/09\/LAEQ-Cover.jpg","width":640,"height":640},{"@type":"BreadcrumbList","@id":"https:\/\/lesafriquesenquestions.com\/?ova_audio=comprendre-la-recomposition-securitaire-du-sahel#breadcrumb","itemListElement":[{"@type":"ListItem","position":1,"name":"Home","item":"https:\/\/lesafriquesenquestions.com\/"},{"@type":"ListItem","position":2,"name":"Audios","item":"https:\/\/lesafriquesenquestions.com\/?post_type=ova_audio"},{"@type":"ListItem","position":3,"name":"Comprendre la recomposition s\u00e9curitaire du Sahel"}]},{"@type":"WebSite","@id":"https:\/\/lesafriquesenquestions.com\/#website","url":"https:\/\/lesafriquesenquestions.com\/","name":"Les Afriques en Questions","description":"","potentialAction":[{"@type":"SearchAction","target":{"@type":"EntryPoint","urlTemplate":"https:\/\/lesafriquesenquestions.com\/?s={search_term_string}"},"query-input":{"@type":"PropertyValueSpecification","valueRequired":true,"valueName":"search_term_string"}}],"inLanguage":"fr-FR"}]}},"_links":{"self":[{"href":"https:\/\/lesafriquesenquestions.com\/index.php?rest_route=\/wp\/v2\/ova_audio\/5369","targetHints":{"allow":["GET"]}}],"collection":[{"href":"https:\/\/lesafriquesenquestions.com\/index.php?rest_route=\/wp\/v2\/ova_audio"}],"about":[{"href":"https:\/\/lesafriquesenquestions.com\/index.php?rest_route=\/wp\/v2\/types\/ova_audio"}],"replies":[{"embeddable":true,"href":"https:\/\/lesafriquesenquestions.com\/index.php?rest_route=%2Fwp%2Fv2%2Fcomments&post=5369"}],"version-history":[{"count":2,"href":"https:\/\/lesafriquesenquestions.com\/index.php?rest_route=\/wp\/v2\/ova_audio\/5369\/revisions"}],"predecessor-version":[{"id":5406,"href":"https:\/\/lesafriquesenquestions.com\/index.php?rest_route=\/wp\/v2\/ova_audio\/5369\/revisions\/5406"}],"wp:featuredmedia":[{"embeddable":true,"href":"https:\/\/lesafriquesenquestions.com\/index.php?rest_route=\/wp\/v2\/media\/5381"}],"wp:attachment":[{"href":"https:\/\/lesafriquesenquestions.com\/index.php?rest_route=%2Fwp%2Fv2%2Fmedia&parent=5369"}],"wp:term":[{"taxonomy":"category_audio","embeddable":true,"href":"https:\/\/lesafriquesenquestions.com\/index.php?rest_route=%2Fwp%2Fv2%2Fcategory_audio&post=5369"},{"taxonomy":"season_audio","embeddable":true,"href":"https:\/\/lesafriquesenquestions.com\/index.php?rest_route=%2Fwp%2Fv2%2Fseason_audio&post=5369"},{"taxonomy":"tag_audio","embeddable":true,"href":"https:\/\/lesafriquesenquestions.com\/index.php?rest_route=%2Fwp%2Fv2%2Ftag_audio&post=5369"}],"curies":[{"name":"wp","href":"https:\/\/api.w.org\/{rel}","templated":true}]}}

Comprendre la recomposition sécuritaire du Sahel

<p>Rémi Carayol, journaliste à Afrique XXI, décrypte les transformations sécuritaires et politiques en Afrique de l&rsquo;Ouest. Entre coups d&rsquo;État, retrait des forces occidentales et montée en puissance de nouveaux acteurs, la région connaît une recomposition majeure aux implications stratégiques profondes.</p>
<p>Quels sont les véritables moteurs de ces bouleversements ? Quel rôle jouent les armées nationales, les mercenaires et les puissances étrangères ?</p>

<p>Coups d&rsquo;État, mercenaires, retraits militaires : décryptage d&rsquo;une région en recomposition accélérée.</p>

<!-- This site is optimized with the Yoast SEO plugin v27.2 - https://yoast.com/product/yoast-seo-wordpress/ -->
<title>Comprendre la recomposition sécuritaire du Sahel - Les Afriques en Questions</title>
<meta name="robots" content="index, follow, max-snippet:-1, max-image-preview:large, max-video-preview:-1" />
<link rel="canonical" href="https://lesafriquesenquestions.com/?ova_audio=comprendre-la-recomposition-securitaire-du-sahel" />
<meta property="og:locale" content="fr_FR" />
<meta property="og:type" content="article" />
<meta property="og:title" content="Comprendre la recomposition sécuritaire du Sahel - Les Afriques en Questions" />
<meta property="og:description" content="Coups d&#039;État, mercenaires, retraits militaires : décryptage d&#039;une région en recomposition accélérée." />
<meta property="og:url" content="https://lesafriquesenquestions.com/?ova_audio=comprendre-la-recomposition-securitaire-du-sahel" />
<meta property="og:site_name" content="Les Afriques en Questions" />
<meta property="article:modified_time" content="2026-04-07T01:01:54+00:00" />
<meta property="og:image" content="https://lesafriquesenquestions.com/wp-content/uploads/2025/09/LAEQ-Cover.jpg" />
	<meta property="og:image:width" content="640" />
	<meta property="og:image:height" content="640" />
	<meta property="og:image:type" content="image/jpeg" />
<meta name="twitter:card" content="summary_large_image" />
<meta name="twitter:label1" content="Durée de lecture estimée" />
	<meta name="twitter:data1" content="1 minute" />
<script type="application/ld+json" class="yoast-schema-graph">{"@context":"https://schema.org","@graph":[{"@type":"WebPage","@id":"https://lesafriquesenquestions.com/?ova_audio=comprendre-la-recomposition-securitaire-du-sahel","url":"https://lesafriquesenquestions.com/?ova_audio=comprendre-la-recomposition-securitaire-du-sahel","name":"Comprendre la recomposition sécuritaire du Sahel - Les Afriques en Questions","isPartOf":{"@id":"https://lesafriquesenquestions.com/#website"},"primaryImageOfPage":{"@id":"https://lesafriquesenquestions.com/?ova_audio=comprendre-la-recomposition-securitaire-du-sahel#primaryimage"},"image":{"@id":"https://lesafriquesenquestions.com/?ova_audio=comprendre-la-recomposition-securitaire-du-sahel#primaryimage"},"thumbnailUrl":"https://lesafriquesenquestions.com/wp-content/uploads/2025/09/LAEQ-Cover.jpg","datePublished":"2025-03-11T07:00:00+00:00","dateModified":"2026-04-07T01:01:54+00:00","breadcrumb":{"@id":"https://lesafriquesenquestions.com/?ova_audio=comprendre-la-recomposition-securitaire-du-sahel#breadcrumb"},"inLanguage":"fr-FR","potentialAction":[{"@type":"ReadAction","target":["https://lesafriquesenquestions.com/?ova_audio=comprendre-la-recomposition-securitaire-du-sahel"]}]},{"@type":"ImageObject","inLanguage":"fr-FR","@id":"https://lesafriquesenquestions.com/?ova_audio=comprendre-la-recomposition-securitaire-du-sahel#primaryimage","url":"https://lesafriquesenquestions.com/wp-content/uploads/2025/09/LAEQ-Cover.jpg","contentUrl":"https://lesafriquesenquestions.com/wp-content/uploads/2025/09/LAEQ-Cover.jpg","width":640,"height":640},{"@type":"BreadcrumbList","@id":"https://lesafriquesenquestions.com/?ova_audio=comprendre-la-recomposition-securitaire-du-sahel#breadcrumb","itemListElement":[{"@type":"ListItem","position":1,"name":"Home","item":"https://lesafriquesenquestions.com/"},{"@type":"ListItem","position":2,"name":"Audios","item":"https://lesafriquesenquestions.com/?post_type=ova_audio"},{"@type":"ListItem","position":3,"name":"Comprendre la recomposition sécuritaire du Sahel"}]},{"@type":"WebSite","@id":"https://lesafriquesenquestions.com/#website","url":"https://lesafriquesenquestions.com/","name":"Les Afriques en Questions","description":"","potentialAction":[{"@type":"SearchAction","target":{"@type":"EntryPoint","urlTemplate":"https://lesafriquesenquestions.com/?s={search_term_string}"},"query-input":{"@type":"PropertyValueSpecification","valueRequired":true,"valueName":"search_term_string"}}],"inLanguage":"fr-FR"}]}</script>
<!-- / Yoast SEO plugin. -->

Comprendre la recomposition sécuritaire du Sahel - Les Afriques en Questions

Coups d'État, mercenaires, retraits militaires : décryptage d'une région en recomposition accélérée.
