{"id":5365,"date":"2025-06-19T08:00:00","date_gmt":"2025-06-19T06:00:00","guid":{"rendered":"https:\/\/lesafriquesenquestions.com\/?ova_audio=outel-bono-une-trajectoire-interrompue"},"modified":"2026-04-07T02:59:36","modified_gmt":"2026-04-07T00:59:36","slug":"outel-bono-une-trajectoire-interrompue","status":"publish","type":"ova_audio","link":"https:\/\/lesafriquesenquestions.com\/?ova_audio=outel-bono-une-trajectoire-interrompue","title":{"rendered":"Outel Bono : une trajectoire interrompue"},"content":{"rendered":"<p>Le 26 ao\u00fbt 1973, Outel Bono, m\u00e9decin tchadien et acteur politique de premier plan, est tu\u00e9 \u00e0 Paris. Deux jours plus tard, il devait annoncer la cr\u00e9ation de son propre parti. Avec Kalidou Sy, journaliste sp\u00e9cialis\u00e9 dans les questions sah\u00e9liennes, retour sur ce moment cl\u00e9 de l&rsquo;histoire politique tchadienne.<\/p>\n<p>Le parcours d&rsquo;un homme engag\u00e9, les enjeux de l&rsquo;\u00e9poque, et les zones d&rsquo;ombre qui subsistent autour de cette affaire non \u00e9lucid\u00e9e.<\/p>\n","protected":false},"excerpt":{"rendered":"<p>Ao\u00fbt 1973, Paris. Un m\u00e9decin tchadien, un assassinat non \u00e9lucid\u00e9, et cinquante ans de questions sans r\u00e9ponses.<\/p>\n","protected":false},"featured_media":5381,"comment_status":"open","ping_status":"closed","template":"","category_audio":[39],"season_audio":[55],"tag_audio":[],"class_list":["post-5365","ova_audio","type-ova_audio","status-publish","has-post-thumbnail","hentry","category_audio-memoire-culture","season_audio-saison-3"],"yoast_head":"<!-- This site is optimized with the Yoast SEO plugin v27.2 - https:\/\/yoast.com\/product\/yoast-seo-wordpress\/ -->\n<title>Outel Bono : une trajectoire interrompue - Les Afriques en Questions<\/title>\n<meta name=\"robots\" content=\"index, follow, max-snippet:-1, max-image-preview:large, max-video-preview:-1\" \/>\n<link rel=\"canonical\" href=\"https:\/\/lesafriquesenquestions.com\/?ova_audio=outel-bono-une-trajectoire-interrompue\" \/>\n<meta property=\"og:locale\" content=\"fr_FR\" \/>\n<meta property=\"og:type\" content=\"article\" \/>\n<meta property=\"og:title\" content=\"Outel Bono : une trajectoire interrompue - Les Afriques en Questions\" \/>\n<meta property=\"og:description\" content=\"Ao\u00fbt 1973, Paris. Un m\u00e9decin tchadien, un assassinat non \u00e9lucid\u00e9, et cinquante ans de questions sans r\u00e9ponses.\" \/>\n<meta property=\"og:url\" content=\"https:\/\/lesafriquesenquestions.com\/?ova_audio=outel-bono-une-trajectoire-interrompue\" \/>\n<meta property=\"og:site_name\" content=\"Les Afriques en Questions\" \/>\n<meta property=\"article:modified_time\" content=\"2026-04-07T00:59:36+00:00\" \/>\n<meta property=\"og:image\" content=\"https:\/\/lesafriquesenquestions.com\/wp-content\/uploads\/2025\/09\/LAEQ-Cover.jpg\" \/>\n\t<meta property=\"og:image:width\" content=\"640\" \/>\n\t<meta property=\"og:image:height\" content=\"640\" \/>\n\t<meta property=\"og:image:type\" content=\"image\/jpeg\" \/>\n<meta name=\"twitter:card\" content=\"summary_large_image\" \/>\n<meta name=\"twitter:label1\" content=\"Dur\u00e9e de lecture estim\u00e9e\" \/>\n\t<meta name=\"twitter:data1\" content=\"1 minute\" \/>\n<script type=\"application\/ld+json\" class=\"yoast-schema-graph\">{\"@context\":\"https:\/\/schema.org\",\"@graph\":[{\"@type\":\"WebPage\",\"@id\":\"https:\/\/lesafriquesenquestions.com\/?ova_audio=outel-bono-une-trajectoire-interrompue\",\"url\":\"https:\/\/lesafriquesenquestions.com\/?ova_audio=outel-bono-une-trajectoire-interrompue\",\"name\":\"Outel Bono : une trajectoire interrompue - Les Afriques en Questions\",\"isPartOf\":{\"@id\":\"https:\/\/lesafriquesenquestions.com\/#website\"},\"primaryImageOfPage\":{\"@id\":\"https:\/\/lesafriquesenquestions.com\/?ova_audio=outel-bono-une-trajectoire-interrompue#primaryimage\"},\"image\":{\"@id\":\"https:\/\/lesafriquesenquestions.com\/?ova_audio=outel-bono-une-trajectoire-interrompue#primaryimage\"},\"thumbnailUrl\":\"https:\/\/lesafriquesenquestions.com\/wp-content\/uploads\/2025\/09\/LAEQ-Cover.jpg\",\"datePublished\":\"2025-06-19T06:00:00+00:00\",\"dateModified\":\"2026-04-07T00:59:36+00:00\",\"breadcrumb\":{\"@id\":\"https:\/\/lesafriquesenquestions.com\/?ova_audio=outel-bono-une-trajectoire-interrompue#breadcrumb\"},\"inLanguage\":\"fr-FR\",\"potentialAction\":[{\"@type\":\"ReadAction\",\"target\":[\"https:\/\/lesafriquesenquestions.com\/?ova_audio=outel-bono-une-trajectoire-interrompue\"]}]},{\"@type\":\"ImageObject\",\"inLanguage\":\"fr-FR\",\"@id\":\"https:\/\/lesafriquesenquestions.com\/?ova_audio=outel-bono-une-trajectoire-interrompue#primaryimage\",\"url\":\"https:\/\/lesafriquesenquestions.com\/wp-content\/uploads\/2025\/09\/LAEQ-Cover.jpg\",\"contentUrl\":\"https:\/\/lesafriquesenquestions.com\/wp-content\/uploads\/2025\/09\/LAEQ-Cover.jpg\",\"width\":640,\"height\":640},{\"@type\":\"BreadcrumbList\",\"@id\":\"https:\/\/lesafriquesenquestions.com\/?ova_audio=outel-bono-une-trajectoire-interrompue#breadcrumb\",\"itemListElement\":[{\"@type\":\"ListItem\",\"position\":1,\"name\":\"Home\",\"item\":\"https:\/\/lesafriquesenquestions.com\/\"},{\"@type\":\"ListItem\",\"position\":2,\"name\":\"Audios\",\"item\":\"https:\/\/lesafriquesenquestions.com\/?post_type=ova_audio\"},{\"@type\":\"ListItem\",\"position\":3,\"name\":\"Outel Bono : une trajectoire interrompue\"}]},{\"@type\":\"WebSite\",\"@id\":\"https:\/\/lesafriquesenquestions.com\/#website\",\"url\":\"https:\/\/lesafriquesenquestions.com\/\",\"name\":\"Les Afriques en Questions\",\"description\":\"\",\"potentialAction\":[{\"@type\":\"SearchAction\",\"target\":{\"@type\":\"EntryPoint\",\"urlTemplate\":\"https:\/\/lesafriquesenquestions.com\/?s={search_term_string}\"},\"query-input\":{\"@type\":\"PropertyValueSpecification\",\"valueRequired\":true,\"valueName\":\"search_term_string\"}}],\"inLanguage\":\"fr-FR\"}]}<\/script>\n<!-- \/ Yoast SEO plugin. -->","yoast_head_json":{"title":"Outel Bono : une trajectoire interrompue - Les Afriques en Questions","robots":{"index":"index","follow":"follow","max-snippet":"max-snippet:-1","max-image-preview":"max-image-preview:large","max-video-preview":"max-video-preview:-1"},"canonical":"https:\/\/lesafriquesenquestions.com\/?ova_audio=outel-bono-une-trajectoire-interrompue","og_locale":"fr_FR","og_type":"article","og_title":"Outel Bono : une trajectoire interrompue - Les Afriques en Questions","og_description":"Ao\u00fbt 1973, Paris. Un m\u00e9decin tchadien, un assassinat non \u00e9lucid\u00e9, et cinquante ans de questions sans r\u00e9ponses.","og_url":"https:\/\/lesafriquesenquestions.com\/?ova_audio=outel-bono-une-trajectoire-interrompue","og_site_name":"Les Afriques en Questions","article_modified_time":"2026-04-07T00:59:36+00:00","og_image":[{"width":640,"height":640,"url":"https:\/\/lesafriquesenquestions.com\/wp-content\/uploads\/2025\/09\/LAEQ-Cover.jpg","type":"image\/jpeg"}],"twitter_card":"summary_large_image","twitter_misc":{"Dur\u00e9e de lecture estim\u00e9e":"1 minute"},"schema":{"@context":"https:\/\/schema.org","@graph":[{"@type":"WebPage","@id":"https:\/\/lesafriquesenquestions.com\/?ova_audio=outel-bono-une-trajectoire-interrompue","url":"https:\/\/lesafriquesenquestions.com\/?ova_audio=outel-bono-une-trajectoire-interrompue","name":"Outel Bono : une trajectoire interrompue - Les Afriques en Questions","isPartOf":{"@id":"https:\/\/lesafriquesenquestions.com\/#website"},"primaryImageOfPage":{"@id":"https:\/\/lesafriquesenquestions.com\/?ova_audio=outel-bono-une-trajectoire-interrompue#primaryimage"},"image":{"@id":"https:\/\/lesafriquesenquestions.com\/?ova_audio=outel-bono-une-trajectoire-interrompue#primaryimage"},"thumbnailUrl":"https:\/\/lesafriquesenquestions.com\/wp-content\/uploads\/2025\/09\/LAEQ-Cover.jpg","datePublished":"2025-06-19T06:00:00+00:00","dateModified":"2026-04-07T00:59:36+00:00","breadcrumb":{"@id":"https:\/\/lesafriquesenquestions.com\/?ova_audio=outel-bono-une-trajectoire-interrompue#breadcrumb"},"inLanguage":"fr-FR","potentialAction":[{"@type":"ReadAction","target":["https:\/\/lesafriquesenquestions.com\/?ova_audio=outel-bono-une-trajectoire-interrompue"]}]},{"@type":"ImageObject","inLanguage":"fr-FR","@id":"https:\/\/lesafriquesenquestions.com\/?ova_audio=outel-bono-une-trajectoire-interrompue#primaryimage","url":"https:\/\/lesafriquesenquestions.com\/wp-content\/uploads\/2025\/09\/LAEQ-Cover.jpg","contentUrl":"https:\/\/lesafriquesenquestions.com\/wp-content\/uploads\/2025\/09\/LAEQ-Cover.jpg","width":640,"height":640},{"@type":"BreadcrumbList","@id":"https:\/\/lesafriquesenquestions.com\/?ova_audio=outel-bono-une-trajectoire-interrompue#breadcrumb","itemListElement":[{"@type":"ListItem","position":1,"name":"Home","item":"https:\/\/lesafriquesenquestions.com\/"},{"@type":"ListItem","position":2,"name":"Audios","item":"https:\/\/lesafriquesenquestions.com\/?post_type=ova_audio"},{"@type":"ListItem","position":3,"name":"Outel Bono : une trajectoire interrompue"}]},{"@type":"WebSite","@id":"https:\/\/lesafriquesenquestions.com\/#website","url":"https:\/\/lesafriquesenquestions.com\/","name":"Les Afriques en Questions","description":"","potentialAction":[{"@type":"SearchAction","target":{"@type":"EntryPoint","urlTemplate":"https:\/\/lesafriquesenquestions.com\/?s={search_term_string}"},"query-input":{"@type":"PropertyValueSpecification","valueRequired":true,"valueName":"search_term_string"}}],"inLanguage":"fr-FR"}]}},"_links":{"self":[{"href":"https:\/\/lesafriquesenquestions.com\/index.php?rest_route=\/wp\/v2\/ova_audio\/5365","targetHints":{"allow":["GET"]}}],"collection":[{"href":"https:\/\/lesafriquesenquestions.com\/index.php?rest_route=\/wp\/v2\/ova_audio"}],"about":[{"href":"https:\/\/lesafriquesenquestions.com\/index.php?rest_route=\/wp\/v2\/types\/ova_audio"}],"replies":[{"embeddable":true,"href":"https:\/\/lesafriquesenquestions.com\/index.php?rest_route=%2Fwp%2Fv2%2Fcomments&post=5365"}],"version-history":[{"count":2,"href":"https:\/\/lesafriquesenquestions.com\/index.php?rest_route=\/wp\/v2\/ova_audio\/5365\/revisions"}],"predecessor-version":[{"id":5401,"href":"https:\/\/lesafriquesenquestions.com\/index.php?rest_route=\/wp\/v2\/ova_audio\/5365\/revisions\/5401"}],"wp:featuredmedia":[{"embeddable":true,"href":"https:\/\/lesafriquesenquestions.com\/index.php?rest_route=\/wp\/v2\/media\/5381"}],"wp:attachment":[{"href":"https:\/\/lesafriquesenquestions.com\/index.php?rest_route=%2Fwp%2Fv2%2Fmedia&parent=5365"}],"wp:term":[{"taxonomy":"category_audio","embeddable":true,"href":"https:\/\/lesafriquesenquestions.com\/index.php?rest_route=%2Fwp%2Fv2%2Fcategory_audio&post=5365"},{"taxonomy":"season_audio","embeddable":true,"href":"https:\/\/lesafriquesenquestions.com\/index.php?rest_route=%2Fwp%2Fv2%2Fseason_audio&post=5365"},{"taxonomy":"tag_audio","embeddable":true,"href":"https:\/\/lesafriquesenquestions.com\/index.php?rest_route=%2Fwp%2Fv2%2Ftag_audio&post=5365"}],"curies":[{"name":"wp","href":"https:\/\/api.w.org\/{rel}","templated":true}]}}

<p>Le 26 août 1973, Outel Bono, médecin tchadien et acteur politique de premier plan, est tué à Paris. Deux jours plus tard, il devait annoncer la création de son propre parti. Avec Kalidou Sy, journaliste spécialisé dans les questions sahéliennes, retour sur ce moment clé de l&rsquo;histoire politique tchadienne.</p>
<p>Le parcours d&rsquo;un homme engagé, les enjeux de l&rsquo;époque, et les zones d&rsquo;ombre qui subsistent autour de cette affaire non élucidée.</p>

<p>Août 1973, Paris. Un médecin tchadien, un assassinat non élucidé, et cinquante ans de questions sans réponses.</p>

<!-- This site is optimized with the Yoast SEO plugin v27.2 - https://yoast.com/product/yoast-seo-wordpress/ -->
<title>Outel Bono : une trajectoire interrompue - Les Afriques en Questions</title>
<meta name="robots" content="index, follow, max-snippet:-1, max-image-preview:large, max-video-preview:-1" />
<link rel="canonical" href="https://lesafriquesenquestions.com/?ova_audio=outel-bono-une-trajectoire-interrompue" />
<meta property="og:locale" content="fr_FR" />
<meta property="og:type" content="article" />
<meta property="og:title" content="Outel Bono : une trajectoire interrompue - Les Afriques en Questions" />
<meta property="og:description" content="Août 1973, Paris. Un médecin tchadien, un assassinat non élucidé, et cinquante ans de questions sans réponses." />
<meta property="og:url" content="https://lesafriquesenquestions.com/?ova_audio=outel-bono-une-trajectoire-interrompue" />
<meta property="og:site_name" content="Les Afriques en Questions" />
<meta property="article:modified_time" content="2026-04-07T00:59:36+00:00" />
<meta property="og:image" content="https://lesafriquesenquestions.com/wp-content/uploads/2025/09/LAEQ-Cover.jpg" />
	<meta property="og:image:width" content="640" />
	<meta property="og:image:height" content="640" />
	<meta property="og:image:type" content="image/jpeg" />
<meta name="twitter:card" content="summary_large_image" />
<meta name="twitter:label1" content="Durée de lecture estimée" />
	<meta name="twitter:data1" content="1 minute" />
<script type="application/ld+json" class="yoast-schema-graph">{"@context":"https://schema.org","@graph":[{"@type":"WebPage","@id":"https://lesafriquesenquestions.com/?ova_audio=outel-bono-une-trajectoire-interrompue","url":"https://lesafriquesenquestions.com/?ova_audio=outel-bono-une-trajectoire-interrompue","name":"Outel Bono : une trajectoire interrompue - Les Afriques en Questions","isPartOf":{"@id":"https://lesafriquesenquestions.com/#website"},"primaryImageOfPage":{"@id":"https://lesafriquesenquestions.com/?ova_audio=outel-bono-une-trajectoire-interrompue#primaryimage"},"image":{"@id":"https://lesafriquesenquestions.com/?ova_audio=outel-bono-une-trajectoire-interrompue#primaryimage"},"thumbnailUrl":"https://lesafriquesenquestions.com/wp-content/uploads/2025/09/LAEQ-Cover.jpg","datePublished":"2025-06-19T06:00:00+00:00","dateModified":"2026-04-07T00:59:36+00:00","breadcrumb":{"@id":"https://lesafriquesenquestions.com/?ova_audio=outel-bono-une-trajectoire-interrompue#breadcrumb"},"inLanguage":"fr-FR","potentialAction":[{"@type":"ReadAction","target":["https://lesafriquesenquestions.com/?ova_audio=outel-bono-une-trajectoire-interrompue"]}]},{"@type":"ImageObject","inLanguage":"fr-FR","@id":"https://lesafriquesenquestions.com/?ova_audio=outel-bono-une-trajectoire-interrompue#primaryimage","url":"https://lesafriquesenquestions.com/wp-content/uploads/2025/09/LAEQ-Cover.jpg","contentUrl":"https://lesafriquesenquestions.com/wp-content/uploads/2025/09/LAEQ-Cover.jpg","width":640,"height":640},{"@type":"BreadcrumbList","@id":"https://lesafriquesenquestions.com/?ova_audio=outel-bono-une-trajectoire-interrompue#breadcrumb","itemListElement":[{"@type":"ListItem","position":1,"name":"Home","item":"https://lesafriquesenquestions.com/"},{"@type":"ListItem","position":2,"name":"Audios","item":"https://lesafriquesenquestions.com/?post_type=ova_audio"},{"@type":"ListItem","position":3,"name":"Outel Bono : une trajectoire interrompue"}]},{"@type":"WebSite","@id":"https://lesafriquesenquestions.com/#website","url":"https://lesafriquesenquestions.com/","name":"Les Afriques en Questions","description":"","potentialAction":[{"@type":"SearchAction","target":{"@type":"EntryPoint","urlTemplate":"https://lesafriquesenquestions.com/?s={search_term_string}"},"query-input":{"@type":"PropertyValueSpecification","valueRequired":true,"valueName":"search_term_string"}}],"inLanguage":"fr-FR"}]}</script>
<!-- / Yoast SEO plugin. -->

Août 1973, Paris. Un médecin tchadien, un assassinat non élucidé, et cinquante ans de questions sans réponses.
