{"id":5362,"date":"2025-09-30T08:00:00","date_gmt":"2025-09-30T06:00:00","guid":{"rendered":"https:\/\/lesafriquesenquestions.com\/?ova_audio=donald-trump-lafrique-et-le-sahel"},"modified":"2026-04-07T02:58:00","modified_gmt":"2026-04-07T00:58:00","slug":"donald-trump-lafrique-et-le-sahel","status":"publish","type":"ova_audio","link":"https:\/\/lesafriquesenquestions.com\/?ova_audio=donald-trump-lafrique-et-le-sahel","title":{"rendered":"Donald Trump, l&rsquo;Afrique et le Sahel"},"content":{"rendered":"<p>R\u00e9\u00e9lu en janvier 2025, Donald Trump a inaugur\u00e9 un second mandat marqu\u00e9 par un durcissement de la doctrine America First. Pour l&rsquo;Afrique, ce choix se traduit par un d\u00e9sengagement clair des instruments traditionnels d&rsquo;aide \u2013 USAID, PEPFAR, initiatives climatiques \u2013 au profit d&rsquo;une diplomatie strictement transactionnelle, recentr\u00e9e sur les int\u00e9r\u00eats commerciaux et s\u00e9curitaires imm\u00e9diats.<\/p>\n<p>Dans cet \u00e9pisode, Franklin Nossiter, chercheur au sein du programme Sahel de l&rsquo;International Crisis Group, analyse les cons\u00e9quences de ce tournant : recul du soutien institutionnel am\u00e9ricain, ambigu\u00eft\u00e9s sur l&rsquo;avenir d&rsquo;Africom, r\u00e9affirmation des priorit\u00e9s bilat\u00e9rales dans quelques \u00c9tats jug\u00e9s strat\u00e9giques, et opportunit\u00e9s accrues pour la Chine, la Russie ou la Turquie.<\/p>\n","protected":false},"excerpt":{"rendered":"<p>America First, acte II. Quand Washington se d\u00e9sengage, qui comble le vide au Sahel ?<\/p>\n","protected":false},"featured_media":5381,"comment_status":"open","ping_status":"closed","template":"","category_audio":[35],"season_audio":[55],"tag_audio":[],"class_list":["post-5362","ova_audio","type-ova_audio","status-publish","has-post-thumbnail","hentry","category_audio-relations-internationales","season_audio-saison-3"],"yoast_head":"<!-- This site is optimized with the Yoast SEO plugin v27.2 - https:\/\/yoast.com\/product\/yoast-seo-wordpress\/ -->\n<title>Donald Trump, l&#039;Afrique et le Sahel - Les Afriques en Questions<\/title>\n<meta name=\"robots\" content=\"index, follow, max-snippet:-1, max-image-preview:large, max-video-preview:-1\" \/>\n<link rel=\"canonical\" href=\"https:\/\/lesafriquesenquestions.com\/?ova_audio=donald-trump-lafrique-et-le-sahel\" \/>\n<meta property=\"og:locale\" content=\"fr_FR\" \/>\n<meta property=\"og:type\" content=\"article\" \/>\n<meta property=\"og:title\" content=\"Donald Trump, l&#039;Afrique et le Sahel - Les Afriques en Questions\" \/>\n<meta property=\"og:description\" content=\"America First, acte II. Quand Washington se d\u00e9sengage, qui comble le vide au Sahel ?\" \/>\n<meta property=\"og:url\" content=\"https:\/\/lesafriquesenquestions.com\/?ova_audio=donald-trump-lafrique-et-le-sahel\" \/>\n<meta property=\"og:site_name\" content=\"Les Afriques en Questions\" \/>\n<meta property=\"article:modified_time\" content=\"2026-04-07T00:58:00+00:00\" \/>\n<meta property=\"og:image\" content=\"https:\/\/lesafriquesenquestions.com\/wp-content\/uploads\/2025\/09\/LAEQ-Cover.jpg\" \/>\n\t<meta property=\"og:image:width\" content=\"640\" \/>\n\t<meta property=\"og:image:height\" content=\"640\" \/>\n\t<meta property=\"og:image:type\" content=\"image\/jpeg\" \/>\n<meta name=\"twitter:card\" content=\"summary_large_image\" \/>\n<meta name=\"twitter:label1\" content=\"Dur\u00e9e de lecture estim\u00e9e\" \/>\n\t<meta name=\"twitter:data1\" content=\"1 minute\" \/>\n<script type=\"application\/ld+json\" class=\"yoast-schema-graph\">{\"@context\":\"https:\/\/schema.org\",\"@graph\":[{\"@type\":\"WebPage\",\"@id\":\"https:\/\/lesafriquesenquestions.com\/?ova_audio=donald-trump-lafrique-et-le-sahel\",\"url\":\"https:\/\/lesafriquesenquestions.com\/?ova_audio=donald-trump-lafrique-et-le-sahel\",\"name\":\"Donald Trump, l'Afrique et le Sahel - Les Afriques en Questions\",\"isPartOf\":{\"@id\":\"https:\/\/lesafriquesenquestions.com\/#website\"},\"primaryImageOfPage\":{\"@id\":\"https:\/\/lesafriquesenquestions.com\/?ova_audio=donald-trump-lafrique-et-le-sahel#primaryimage\"},\"image\":{\"@id\":\"https:\/\/lesafriquesenquestions.com\/?ova_audio=donald-trump-lafrique-et-le-sahel#primaryimage\"},\"thumbnailUrl\":\"https:\/\/lesafriquesenquestions.com\/wp-content\/uploads\/2025\/09\/LAEQ-Cover.jpg\",\"datePublished\":\"2025-09-30T06:00:00+00:00\",\"dateModified\":\"2026-04-07T00:58:00+00:00\",\"breadcrumb\":{\"@id\":\"https:\/\/lesafriquesenquestions.com\/?ova_audio=donald-trump-lafrique-et-le-sahel#breadcrumb\"},\"inLanguage\":\"fr-FR\",\"potentialAction\":[{\"@type\":\"ReadAction\",\"target\":[\"https:\/\/lesafriquesenquestions.com\/?ova_audio=donald-trump-lafrique-et-le-sahel\"]}]},{\"@type\":\"ImageObject\",\"inLanguage\":\"fr-FR\",\"@id\":\"https:\/\/lesafriquesenquestions.com\/?ova_audio=donald-trump-lafrique-et-le-sahel#primaryimage\",\"url\":\"https:\/\/lesafriquesenquestions.com\/wp-content\/uploads\/2025\/09\/LAEQ-Cover.jpg\",\"contentUrl\":\"https:\/\/lesafriquesenquestions.com\/wp-content\/uploads\/2025\/09\/LAEQ-Cover.jpg\",\"width\":640,\"height\":640},{\"@type\":\"BreadcrumbList\",\"@id\":\"https:\/\/lesafriquesenquestions.com\/?ova_audio=donald-trump-lafrique-et-le-sahel#breadcrumb\",\"itemListElement\":[{\"@type\":\"ListItem\",\"position\":1,\"name\":\"Home\",\"item\":\"https:\/\/lesafriquesenquestions.com\/\"},{\"@type\":\"ListItem\",\"position\":2,\"name\":\"Audios\",\"item\":\"https:\/\/lesafriquesenquestions.com\/?post_type=ova_audio\"},{\"@type\":\"ListItem\",\"position\":3,\"name\":\"Donald Trump, l&rsquo;Afrique et le Sahel\"}]},{\"@type\":\"WebSite\",\"@id\":\"https:\/\/lesafriquesenquestions.com\/#website\",\"url\":\"https:\/\/lesafriquesenquestions.com\/\",\"name\":\"Les Afriques en Questions\",\"description\":\"\",\"potentialAction\":[{\"@type\":\"SearchAction\",\"target\":{\"@type\":\"EntryPoint\",\"urlTemplate\":\"https:\/\/lesafriquesenquestions.com\/?s={search_term_string}\"},\"query-input\":{\"@type\":\"PropertyValueSpecification\",\"valueRequired\":true,\"valueName\":\"search_term_string\"}}],\"inLanguage\":\"fr-FR\"}]}<\/script>\n<!-- \/ Yoast SEO plugin. -->","yoast_head_json":{"title":"Donald Trump, l'Afrique et le Sahel - Les Afriques en Questions","robots":{"index":"index","follow":"follow","max-snippet":"max-snippet:-1","max-image-preview":"max-image-preview:large","max-video-preview":"max-video-preview:-1"},"canonical":"https:\/\/lesafriquesenquestions.com\/?ova_audio=donald-trump-lafrique-et-le-sahel","og_locale":"fr_FR","og_type":"article","og_title":"Donald Trump, l'Afrique et le Sahel - Les Afriques en Questions","og_description":"America First, acte II. Quand Washington se d\u00e9sengage, qui comble le vide au Sahel ?","og_url":"https:\/\/lesafriquesenquestions.com\/?ova_audio=donald-trump-lafrique-et-le-sahel","og_site_name":"Les Afriques en Questions","article_modified_time":"2026-04-07T00:58:00+00:00","og_image":[{"width":640,"height":640,"url":"https:\/\/lesafriquesenquestions.com\/wp-content\/uploads\/2025\/09\/LAEQ-Cover.jpg","type":"image\/jpeg"}],"twitter_card":"summary_large_image","twitter_misc":{"Dur\u00e9e de lecture estim\u00e9e":"1 minute"},"schema":{"@context":"https:\/\/schema.org","@graph":[{"@type":"WebPage","@id":"https:\/\/lesafriquesenquestions.com\/?ova_audio=donald-trump-lafrique-et-le-sahel","url":"https:\/\/lesafriquesenquestions.com\/?ova_audio=donald-trump-lafrique-et-le-sahel","name":"Donald Trump, l'Afrique et le Sahel - Les Afriques en Questions","isPartOf":{"@id":"https:\/\/lesafriquesenquestions.com\/#website"},"primaryImageOfPage":{"@id":"https:\/\/lesafriquesenquestions.com\/?ova_audio=donald-trump-lafrique-et-le-sahel#primaryimage"},"image":{"@id":"https:\/\/lesafriquesenquestions.com\/?ova_audio=donald-trump-lafrique-et-le-sahel#primaryimage"},"thumbnailUrl":"https:\/\/lesafriquesenquestions.com\/wp-content\/uploads\/2025\/09\/LAEQ-Cover.jpg","datePublished":"2025-09-30T06:00:00+00:00","dateModified":"2026-04-07T00:58:00+00:00","breadcrumb":{"@id":"https:\/\/lesafriquesenquestions.com\/?ova_audio=donald-trump-lafrique-et-le-sahel#breadcrumb"},"inLanguage":"fr-FR","potentialAction":[{"@type":"ReadAction","target":["https:\/\/lesafriquesenquestions.com\/?ova_audio=donald-trump-lafrique-et-le-sahel"]}]},{"@type":"ImageObject","inLanguage":"fr-FR","@id":"https:\/\/lesafriquesenquestions.com\/?ova_audio=donald-trump-lafrique-et-le-sahel#primaryimage","url":"https:\/\/lesafriquesenquestions.com\/wp-content\/uploads\/2025\/09\/LAEQ-Cover.jpg","contentUrl":"https:\/\/lesafriquesenquestions.com\/wp-content\/uploads\/2025\/09\/LAEQ-Cover.jpg","width":640,"height":640},{"@type":"BreadcrumbList","@id":"https:\/\/lesafriquesenquestions.com\/?ova_audio=donald-trump-lafrique-et-le-sahel#breadcrumb","itemListElement":[{"@type":"ListItem","position":1,"name":"Home","item":"https:\/\/lesafriquesenquestions.com\/"},{"@type":"ListItem","position":2,"name":"Audios","item":"https:\/\/lesafriquesenquestions.com\/?post_type=ova_audio"},{"@type":"ListItem","position":3,"name":"Donald Trump, l&rsquo;Afrique et le Sahel"}]},{"@type":"WebSite","@id":"https:\/\/lesafriquesenquestions.com\/#website","url":"https:\/\/lesafriquesenquestions.com\/","name":"Les Afriques en Questions","description":"","potentialAction":[{"@type":"SearchAction","target":{"@type":"EntryPoint","urlTemplate":"https:\/\/lesafriquesenquestions.com\/?s={search_term_string}"},"query-input":{"@type":"PropertyValueSpecification","valueRequired":true,"valueName":"search_term_string"}}],"inLanguage":"fr-FR"}]}},"_links":{"self":[{"href":"https:\/\/lesafriquesenquestions.com\/index.php?rest_route=\/wp\/v2\/ova_audio\/5362","targetHints":{"allow":["GET"]}}],"collection":[{"href":"https:\/\/lesafriquesenquestions.com\/index.php?rest_route=\/wp\/v2\/ova_audio"}],"about":[{"href":"https:\/\/lesafriquesenquestions.com\/index.php?rest_route=\/wp\/v2\/types\/ova_audio"}],"replies":[{"embeddable":true,"href":"https:\/\/lesafriquesenquestions.com\/index.php?rest_route=%2Fwp%2Fv2%2Fcomments&post=5362"}],"version-history":[{"count":2,"href":"https:\/\/lesafriquesenquestions.com\/index.php?rest_route=\/wp\/v2\/ova_audio\/5362\/revisions"}],"predecessor-version":[{"id":5397,"href":"https:\/\/lesafriquesenquestions.com\/index.php?rest_route=\/wp\/v2\/ova_audio\/5362\/revisions\/5397"}],"wp:featuredmedia":[{"embeddable":true,"href":"https:\/\/lesafriquesenquestions.com\/index.php?rest_route=\/wp\/v2\/media\/5381"}],"wp:attachment":[{"href":"https:\/\/lesafriquesenquestions.com\/index.php?rest_route=%2Fwp%2Fv2%2Fmedia&parent=5362"}],"wp:term":[{"taxonomy":"category_audio","embeddable":true,"href":"https:\/\/lesafriquesenquestions.com\/index.php?rest_route=%2Fwp%2Fv2%2Fcategory_audio&post=5362"},{"taxonomy":"season_audio","embeddable":true,"href":"https:\/\/lesafriquesenquestions.com\/index.php?rest_route=%2Fwp%2Fv2%2Fseason_audio&post=5362"},{"taxonomy":"tag_audio","embeddable":true,"href":"https:\/\/lesafriquesenquestions.com\/index.php?rest_route=%2Fwp%2Fv2%2Ftag_audio&post=5362"}],"curies":[{"name":"wp","href":"https:\/\/api.w.org\/{rel}","templated":true}]}}

<p>Réélu en janvier 2025, Donald Trump a inauguré un second mandat marqué par un durcissement de la doctrine America First. Pour l&rsquo;Afrique, ce choix se traduit par un désengagement clair des instruments traditionnels d&rsquo;aide – USAID, PEPFAR, initiatives climatiques – au profit d&rsquo;une diplomatie strictement transactionnelle, recentrée sur les intérêts commerciaux et sécuritaires immédiats.</p>
<p>Dans cet épisode, Franklin Nossiter, chercheur au sein du programme Sahel de l&rsquo;International Crisis Group, analyse les conséquences de ce tournant : recul du soutien institutionnel américain, ambiguïtés sur l&rsquo;avenir d&rsquo;Africom, réaffirmation des priorités bilatérales dans quelques États jugés stratégiques, et opportunités accrues pour la Chine, la Russie ou la Turquie.</p>

<p>America First, acte II. Quand Washington se désengage, qui comble le vide au Sahel ?</p>

<!-- This site is optimized with the Yoast SEO plugin v27.2 - https://yoast.com/product/yoast-seo-wordpress/ -->
<title>Donald Trump, l&#039;Afrique et le Sahel - Les Afriques en Questions</title>
<meta name="robots" content="index, follow, max-snippet:-1, max-image-preview:large, max-video-preview:-1" />
<link rel="canonical" href="https://lesafriquesenquestions.com/?ova_audio=donald-trump-lafrique-et-le-sahel" />
<meta property="og:locale" content="fr_FR" />
<meta property="og:type" content="article" />
<meta property="og:title" content="Donald Trump, l&#039;Afrique et le Sahel - Les Afriques en Questions" />
<meta property="og:description" content="America First, acte II. Quand Washington se désengage, qui comble le vide au Sahel ?" />
<meta property="og:url" content="https://lesafriquesenquestions.com/?ova_audio=donald-trump-lafrique-et-le-sahel" />
<meta property="og:site_name" content="Les Afriques en Questions" />
<meta property="article:modified_time" content="2026-04-07T00:58:00+00:00" />
<meta property="og:image" content="https://lesafriquesenquestions.com/wp-content/uploads/2025/09/LAEQ-Cover.jpg" />
	<meta property="og:image:width" content="640" />
	<meta property="og:image:height" content="640" />
	<meta property="og:image:type" content="image/jpeg" />
<meta name="twitter:card" content="summary_large_image" />
<meta name="twitter:label1" content="Durée de lecture estimée" />
	<meta name="twitter:data1" content="1 minute" />
<script type="application/ld+json" class="yoast-schema-graph">{"@context":"https://schema.org","@graph":[{"@type":"WebPage","@id":"https://lesafriquesenquestions.com/?ova_audio=donald-trump-lafrique-et-le-sahel","url":"https://lesafriquesenquestions.com/?ova_audio=donald-trump-lafrique-et-le-sahel","name":"Donald Trump, l'Afrique et le Sahel - Les Afriques en Questions","isPartOf":{"@id":"https://lesafriquesenquestions.com/#website"},"primaryImageOfPage":{"@id":"https://lesafriquesenquestions.com/?ova_audio=donald-trump-lafrique-et-le-sahel#primaryimage"},"image":{"@id":"https://lesafriquesenquestions.com/?ova_audio=donald-trump-lafrique-et-le-sahel#primaryimage"},"thumbnailUrl":"https://lesafriquesenquestions.com/wp-content/uploads/2025/09/LAEQ-Cover.jpg","datePublished":"2025-09-30T06:00:00+00:00","dateModified":"2026-04-07T00:58:00+00:00","breadcrumb":{"@id":"https://lesafriquesenquestions.com/?ova_audio=donald-trump-lafrique-et-le-sahel#breadcrumb"},"inLanguage":"fr-FR","potentialAction":[{"@type":"ReadAction","target":["https://lesafriquesenquestions.com/?ova_audio=donald-trump-lafrique-et-le-sahel"]}]},{"@type":"ImageObject","inLanguage":"fr-FR","@id":"https://lesafriquesenquestions.com/?ova_audio=donald-trump-lafrique-et-le-sahel#primaryimage","url":"https://lesafriquesenquestions.com/wp-content/uploads/2025/09/LAEQ-Cover.jpg","contentUrl":"https://lesafriquesenquestions.com/wp-content/uploads/2025/09/LAEQ-Cover.jpg","width":640,"height":640},{"@type":"BreadcrumbList","@id":"https://lesafriquesenquestions.com/?ova_audio=donald-trump-lafrique-et-le-sahel#breadcrumb","itemListElement":[{"@type":"ListItem","position":1,"name":"Home","item":"https://lesafriquesenquestions.com/"},{"@type":"ListItem","position":2,"name":"Audios","item":"https://lesafriquesenquestions.com/?post_type=ova_audio"},{"@type":"ListItem","position":3,"name":"Donald Trump, l&rsquo;Afrique et le Sahel"}]},{"@type":"WebSite","@id":"https://lesafriquesenquestions.com/#website","url":"https://lesafriquesenquestions.com/","name":"Les Afriques en Questions","description":"","potentialAction":[{"@type":"SearchAction","target":{"@type":"EntryPoint","urlTemplate":"https://lesafriquesenquestions.com/?s={search_term_string}"},"query-input":{"@type":"PropertyValueSpecification","valueRequired":true,"valueName":"search_term_string"}}],"inLanguage":"fr-FR"}]}</script>
<!-- / Yoast SEO plugin. -->

America First, acte II. Quand Washington se désengage, qui comble le vide au Sahel ?
